{"id":3409,"date":"2024-07-12T13:54:17","date_gmt":"2024-07-12T13:54:17","guid":{"rendered":"http:\/\/www.societadeborg.it\/?page_id=3409"},"modified":"2024-09-05T00:00:20","modified_gmt":"2024-09-05T00:00:20","slug":"2024-taca-biloz","status":"publish","type":"page","link":"http:\/\/www.societadeborg.it\/?page_id=3409","title":{"rendered":"2024 &#8211; Taca Biloz"},"content":{"rendered":"<div class=\"wp-block-image\">\n<figure class=\"alignleft size-large is-resized\"><a href=\"http:\/\/www.societadeborg.it\/wordpress\/wp-content\/uploads\/2024\/08\/fdb24lowres-scaled.jpg\"><img decoding=\"async\" loading=\"lazy\" src=\"http:\/\/www.societadeborg.it\/wordpress\/wp-content\/uploads\/2024\/08\/fdb24lowres-717x1024.jpg\" alt=\"\" class=\"wp-image-3424\" width=\"302\" height=\"430\" srcset=\"http:\/\/www.societadeborg.it\/wordpress\/wp-content\/uploads\/2024\/08\/fdb24lowres-717x1024.jpg 717w, http:\/\/www.societadeborg.it\/wordpress\/wp-content\/uploads\/2024\/08\/fdb24lowres-210x300.jpg 210w, http:\/\/www.societadeborg.it\/wordpress\/wp-content\/uploads\/2024\/08\/fdb24lowres-768x1097.jpg 768w, http:\/\/www.societadeborg.it\/wordpress\/wp-content\/uploads\/2024\/08\/fdb24lowres-1434x2048.jpg 1434w, http:\/\/www.societadeborg.it\/wordpress\/wp-content\/uploads\/2024\/08\/fdb24lowres-scaled.jpg 1792w\" sizes=\"(max-width: 302px) 100vw, 302px\" \/><\/a><\/figure><\/div>\n\n\n<p><em><strong>Quest\u2019anno \u00e8 quello buono, torna la Festa de Borg!&nbsp;<\/strong><\/em><\/p>\n\n\n\n<p>Dopo ben sei anni dall\u2019ultima edizione, il <strong>6-7-8 settembre arriva la XXII edizione della Festa de Borg<\/strong> che si svolger\u00e0 tra le vie e le piazzette del caratteristico Borgo San Giuliano di Rimini, a ridosso del bimillenario ponte di Tiberio.&nbsp;<\/p>\n\n\n\n<p>La \u201cFesta d\u00e8 Borg\u201d ha radici profonde e ben radicate in questo lembo di terra riminese ma l\u2019importanza e l\u2019apprezzamento per le sue proposte travalicano i confini simbolici del Borgo San Giuliano e sono divenuti, nel tempo, \u201cpatrimonio\u201d collettivo di tutta la citt\u00e0 e non solo. Ogni edizione ha un tema principale che viene sviluppato attraverso gli spettacoli e gli allestimenti all\u2019interno del borgo, rendendo ogni Festa originale l\u2019una dall\u2019altra.<\/p>\n\n\n\n<p class=\"has-vivid-cyan-blue-color has-text-color\"><strong>\u201cTACA BILOZ!\u201d<\/strong><\/p>\n\n\n\n<p>E\u2019 il titolo della\u00a0<strong>Festa de Borg 2024<\/strong>\u00a0che racconter\u00e0 Rimini attraverso gli ultimi 100 anni di musica, ballo e buon vivere. Dagli anni \u201cruggenti\u201d del primo dopoguerra, al boom economico degli anni sessanta, per poi passare all\u2019epopea delle \u201cdisco\u201d ed un omaggio al \u201cclubbing\u201d riminese. In questi 100 anni il volto di Rimini \u00e8 cambiato, da \u201c<em>ostenda d\u2019Italia<\/em>\u201d ed il suo turismo d\u2019elite, a \u201c<em>capitale del divertimento<\/em>\u201d per un ampio pubblico di vacanzieri. Mode e locali si sono susseguiti negli anni, rinnovando sempre la gioia di vivere e condividere.<\/p>\n\n\n\n<p>La Festa \u00e8 resa possibile da una sorta di azionariato popolare che si sostiene, in prevalenza, grazie agli stand gastronomici animati dai volontari della Societ\u00e0 de Borg e dalla vendita dei biglietti della Grande Lotteria con i suoi 20 straordinari premi messi in palio da aziende riminesi. Ogni anno \u00e8 una scommessa, perch\u00e9 \u00e8 una festa che si gioca tutto all\u2019aperto e non prevede recupero.<\/p>\n\n\n\n<p class=\"has-vivid-cyan-blue-color has-text-color\"><strong>GLI EVENTI PRE FESTA<\/strong><\/p>\n\n\n\n<p>L\u2019edizione 2024 \u00e8 stata preceduta da una serie conferenze e proiezioni che compongono il ricco <a href=\"http:\/\/www.societadeborg.it\/?p=3406\">programma di <strong>ESCO IN SCARANA<\/strong><\/a>, le veglie al Borgo,  che hanno permesso un approfondimento delle tematiche attraverso testimonianze e aneddoti della lunga stagione delle notti in riviera, dal 1920 ai giorni nostri.<\/p>\n\n\n\n<p class=\"has-vivid-cyan-blue-color has-text-color\"><strong>PROGRAMMA<\/strong> <strong>DEL 6-7-8 SETTEBRE 2024<\/strong><\/p>\n\n\n\n<p class=\"has-luminous-vivid-amber-background-color has-background\">>> Scopri tutto il <strong><a rel=\"noreferrer noopener\" href=\"http:\/\/www.societadeborg.it\/?page_id=3463\" target=\"_blank\">PROGRAMMA XXII FESTA DE BORG<\/a><\/strong><\/p>\n\n\n\n<p>La Festa de Borg 2024 \u00e8 come <strong>un grande juke-box a cielo aperto,<\/strong> dove sar\u00e0 possibile rivivere le musiche che hanno animato le notti riminesi, come in una giostra del tempo, senza soluzione di continuit\u00e0 nel dedalo di viuzze e piazzette. <\/p>\n\n\n\n<p>La Societ\u00e0 de Borg che ha \u201corchestrato\u201d oltre <strong>60 artisti<\/strong> distribuiti in <strong>10 punti spettacolo<\/strong> a sera!<\/p>\n\n\n\n<p>Nel Juke-Box borghigiano non \u201cgireranno\u201d solo i dischi (anche quelli originali a 78 giri) ma soprattutto la musica sar\u00e0 \u201csuonata\u201d dal vivo grazie a <strong>18 complessi \/ band<\/strong> di cui <strong>3 grandi orchestre dedicate al liscio <\/strong>mentre<strong> 3 saranno i DJ Set animati da protagonisti delle notti in Riviera<\/strong>.<\/p>\n\n\n\n<p class=\"has-vivid-cyan-blue-color has-text-color\"><strong>LA GRANDE LOTTERIA 22 FESTA DE BORG<\/strong><\/p>\n\n\n\n<p>Per sostenere la <a href=\"http:\/\/www.societadeborg.it\/?page_id=3418\">XXII Festa de Borg \u2013 TACA BILOZ \u2013 torna in campo la GRANDE LOTTERIA<\/a>. Acquistare uno o pi\u00f9 biglietti della lotteria \u00e8 il gesto pi\u00f9 concreto per contribuire alla realizzazione di questa grande festa popolare, che resta &#8211; gratuita &#8211; e di tutti.<\/p>\n\n\n\n<figure class=\"wp-block-image size-large\"><a href=\"http:\/\/www.societadeborg.it\/wordpress\/wp-content\/uploads\/2024\/09\/sostienilafesta-web-facebook.png\"><img decoding=\"async\" loading=\"lazy\" width=\"1024\" height=\"512\" src=\"http:\/\/www.societadeborg.it\/wordpress\/wp-content\/uploads\/2024\/09\/sostienilafesta-web-facebook-1024x512.png\" alt=\"\" class=\"wp-image-3446\" srcset=\"http:\/\/www.societadeborg.it\/wordpress\/wp-content\/uploads\/2024\/09\/sostienilafesta-web-facebook-1024x512.png 1024w, http:\/\/www.societadeborg.it\/wordpress\/wp-content\/uploads\/2024\/09\/sostienilafesta-web-facebook-300x150.png 300w, http:\/\/www.societadeborg.it\/wordpress\/wp-content\/uploads\/2024\/09\/sostienilafesta-web-facebook-768x384.png 768w, http:\/\/www.societadeborg.it\/wordpress\/wp-content\/uploads\/2024\/09\/sostienilafesta-web-facebook-1536x768.png 1536w, http:\/\/www.societadeborg.it\/wordpress\/wp-content\/uploads\/2024\/09\/sostienilafesta-web-facebook-2048x1024.png 2048w\" sizes=\"(max-width: 1024px) 100vw, 1024px\" \/><\/a><\/figure>\n\n\n\n<p class=\"has-vivid-cyan-blue-color has-text-color\"><strong>MANIFESTO 2024<\/strong><\/p>\n\n\n\n<p>La grafica del manifesto ufficiale della XXII Festa de Borg \u00e8 stato realizzato da Nicola Muratori, in arte Nix, borghigiano dagli anni \u201980. Nix \u00e8 illustratore e grafico freelance per editoria, architettura e industria discografica, ivi comprese molte discoteche e club della Riviera Romagnola. Fotografa e dipinge digitalmente. Vive e lavora tra l\u2019Italia e il Brasile, si sveglia molto tardi e va a letto ancora pi\u00f9 tardi.&nbsp;<a href=\"http:\/\/www.daltronde.com\/\">www.daltronde.com<\/a><\/p>\n\n\n\n<hr class=\"wp-block-separator has-alpha-channel-opacity\"\/>\n\n\n\n<p class=\"has-vivid-red-color has-text-color\"><strong>LA FESTA DE BORG 2024 \u00e8 resa possibile grazie a:<\/strong><\/p>\n\n\n\n<ul>\n<li><strong>Gli instancabili volontari <\/strong>che animano la nostra Festa, prima, durante e .. dopo!<\/li>\n\n\n\n<li><strong>Il pubblico t<\/strong>ramite la Lotteria e degustando le proposte dei nostri stand.<\/li>\n\n\n\n<li>il Patrocinio del <strong>Comune di Rimini <\/strong><\/li>\n\n\n\n<li>il progetto <strong>ATUSS &#8220;Rimini, di verde e di blu&#8221;.<\/strong> <\/li>\n\n\n\n<li>Main Sponsor dell&#8217;edizione 2024:<strong> RUGGERI Concessionaria KIA Rimini, ROMAGNA ACQUE Societ\u00e0 delle Fonti spa, HERA spa, SGR Luce e Gas, ITALIAN EXIBITION GROUP Spa, PIADINA ROMAGNOLA Consorzio IGP.<\/strong><\/li>\n<\/ul>\n\n\n\n<p><em>Un ringraziamento particolare a:<\/em> <strong>RIVIERABANCA<\/strong> e all&#8217;<strong>Associazione dei commercianti Borgo San Giuliano.<\/strong><\/p>\n\n\n\n<p><em>Media partner: <\/em><strong>Corriere di Romagna, IcaroTV, Radio GAMMA<\/strong><\/p>\n\n\n\n<figure class=\"wp-block-image size-large\"><a href=\"http:\/\/www.societadeborg.it\/wordpress\/wp-content\/uploads\/2024\/09\/FDB24_Sponsor.png\"><img decoding=\"async\" loading=\"lazy\" width=\"1024\" height=\"122\" src=\"http:\/\/www.societadeborg.it\/wordpress\/wp-content\/uploads\/2024\/09\/FDB24_Sponsor-1024x122.png\" alt=\"Main Sponsor 22\u00b0 Festa de Borg\" class=\"wp-image-3470\" srcset=\"http:\/\/www.societadeborg.it\/wordpress\/wp-content\/uploads\/2024\/09\/FDB24_Sponsor-1024x122.png 1024w, http:\/\/www.societadeborg.it\/wordpress\/wp-content\/uploads\/2024\/09\/FDB24_Sponsor-300x36.png 300w, http:\/\/www.societadeborg.it\/wordpress\/wp-content\/uploads\/2024\/09\/FDB24_Sponsor-768x91.png 768w, http:\/\/www.societadeborg.it\/wordpress\/wp-content\/uploads\/2024\/09\/FDB24_Sponsor.png 1528w\" sizes=\"(max-width: 1024px) 100vw, 1024px\" \/><\/a><\/figure>\n","protected":false},"excerpt":{"rendered":"<p>Quest\u2019anno \u00e8 quello buono, torna la Festa de Borg!&nbsp; Dopo ben sei anni dall\u2019ultima edizione, il 6-7-8 settembre arriva la XXII edizione della Festa de Borg che si svolger\u00e0 tra le vie e le piazzette del caratteristico Borgo San Giuliano di Rimini, a ridosso del bimillenario ponte di Tiberio.&nbsp; La \u201cFesta d\u00e8 Borg\u201d ha radici profonde e ben radicate in questo lembo di terra riminese ma l\u2019importanza e l\u2019apprezzamento per le sue proposte travalicano i confini simbolici del Borgo San Giuliano e sono divenuti, nel tempo, \u201cpatrimonio\u201d collettivo di tutta la citt\u00e0 e non solo. Ogni edizione ha un tema <a class=\"more-link\" href=\"http:\/\/www.societadeborg.it\/?page_id=3409\">Leggi tutto<\/a><\/p>\n","protected":false},"author":1,"featured_media":0,"parent":24,"menu_order":0,"comment_status":"closed","ping_status":"closed","template":"","meta":[],"_links":{"self":[{"href":"http:\/\/www.societadeborg.it\/index.php?rest_route=\/wp\/v2\/pages\/3409"}],"collection":[{"href":"http:\/\/www.societadeborg.it\/index.php?rest_route=\/wp\/v2\/pages"}],"about":[{"href":"http:\/\/www.societadeborg.it\/index.php?rest_route=\/wp\/v2\/types\/page"}],"author":[{"embeddable":true,"href":"http:\/\/www.societadeborg.it\/index.php?rest_route=\/wp\/v2\/users\/1"}],"replies":[{"embeddable":true,"href":"http:\/\/www.societadeborg.it\/index.php?rest_route=%2Fwp%2Fv2%2Fcomments&post=3409"}],"version-history":[{"count":10,"href":"http:\/\/www.societadeborg.it\/index.php?rest_route=\/wp\/v2\/pages\/3409\/revisions"}],"predecessor-version":[{"id":3478,"href":"http:\/\/www.societadeborg.it\/index.php?rest_route=\/wp\/v2\/pages\/3409\/revisions\/3478"}],"up":[{"embeddable":true,"href":"http:\/\/www.societadeborg.it\/index.php?rest_route=\/wp\/v2\/pages\/24"}],"wp:attachment":[{"href":"http:\/\/www.societadeborg.it\/index.php?rest_route=%2Fwp%2Fv2%2Fmedia&parent=3409"}],"curies":[{"name":"wp","href":"https:\/\/api.w.org\/{rel}","templated":true}]}}

<div class="wp-block-image">
<figure class="alignleft size-large is-resized"><a href="http://www.societadeborg.it/wordpress/wp-content/uploads/2024/08/fdb24lowres-scaled.jpg"><img decoding="async" loading="lazy" src="http://www.societadeborg.it/wordpress/wp-content/uploads/2024/08/fdb24lowres-717x1024.jpg" alt="" class="wp-image-3424" width="302" height="430" srcset="http://www.societadeborg.it/wordpress/wp-content/uploads/2024/08/fdb24lowres-717x1024.jpg 717w, http://www.societadeborg.it/wordpress/wp-content/uploads/2024/08/fdb24lowres-210x300.jpg 210w, http://www.societadeborg.it/wordpress/wp-content/uploads/2024/08/fdb24lowres-768x1097.jpg 768w, http://www.societadeborg.it/wordpress/wp-content/uploads/2024/08/fdb24lowres-1434x2048.jpg 1434w, http://www.societadeborg.it/wordpress/wp-content/uploads/2024/08/fdb24lowres-scaled.jpg 1792w" sizes="(max-width: 302px) 100vw, 302px" /></a></figure></div>


<p><em><strong>Quest’anno è quello buono, torna la Festa de Borg!&nbsp;</strong></em></p>



<p>Dopo ben sei anni dall’ultima edizione, il <strong>6-7-8 settembre arriva la XXII edizione della Festa de Borg</strong> che si svolgerà tra le vie e le piazzette del caratteristico Borgo San Giuliano di Rimini, a ridosso del bimillenario ponte di Tiberio.&nbsp;</p>



<p>La “Festa dè Borg” ha radici profonde e ben radicate in questo lembo di terra riminese ma l’importanza e l’apprezzamento per le sue proposte travalicano i confini simbolici del Borgo San Giuliano e sono divenuti, nel tempo, “patrimonio” collettivo di tutta la città e non solo. Ogni edizione ha un tema principale che viene sviluppato attraverso gli spettacoli e gli allestimenti all’interno del borgo, rendendo ogni Festa originale l’una dall’altra.</p>



<p class="has-vivid-cyan-blue-color has-text-color"><strong>“TACA BILOZ!”</strong></p>



<p>E’ il titolo della <strong>Festa de Borg 2024</strong> che racconterà Rimini attraverso gli ultimi 100 anni di musica, ballo e buon vivere. Dagli anni “ruggenti” del primo dopoguerra, al boom economico degli anni sessanta, per poi passare all’epopea delle “disco” ed un omaggio al “clubbing” riminese. In questi 100 anni il volto di Rimini è cambiato, da “<em>ostenda d’Italia</em>” ed il suo turismo d’elite, a “<em>capitale del divertimento</em>” per un ampio pubblico di vacanzieri. Mode e locali si sono susseguiti negli anni, rinnovando sempre la gioia di vivere e condividere.</p>



<p>La Festa è resa possibile da una sorta di azionariato popolare che si sostiene, in prevalenza, grazie agli stand gastronomici animati dai volontari della Società de Borg e dalla vendita dei biglietti della Grande Lotteria con i suoi 20 straordinari premi messi in palio da aziende riminesi. Ogni anno è una scommessa, perché è una festa che si gioca tutto all’aperto e non prevede recupero.</p>



<p class="has-vivid-cyan-blue-color has-text-color"><strong>GLI EVENTI PRE FESTA</strong></p>



<p>L’edizione 2024 è stata preceduta da una serie conferenze e proiezioni che compongono il ricco <a href="http://www.societadeborg.it/?p=3406">programma di <strong>ESCO IN SCARANA</strong></a>, le veglie al Borgo,  che hanno permesso un approfondimento delle tematiche attraverso testimonianze e aneddoti della lunga stagione delle notti in riviera, dal 1920 ai giorni nostri.</p>



<p class="has-vivid-cyan-blue-color has-text-color"><strong>PROGRAMMA</strong> <strong>DEL 6-7-8 SETTEBRE 2024</strong></p>



<p class="has-luminous-vivid-amber-background-color has-background">>> Scopri tutto il <strong><a rel="noreferrer noopener" href="http://www.societadeborg.it/?page_id=3463" target="_blank">PROGRAMMA XXII FESTA DE BORG</a></strong></p>



<p>La Festa de Borg 2024 è come <strong>un grande juke-box a cielo aperto,</strong> dove sarà possibile rivivere le musiche che hanno animato le notti riminesi, come in una giostra del tempo, senza soluzione di continuità nel dedalo di viuzze e piazzette. </p>



<p>La Società de Borg che ha “orchestrato” oltre <strong>60 artisti</strong> distribuiti in <strong>10 punti spettacolo</strong> a sera!</p>



<p>Nel Juke-Box borghigiano non “gireranno” solo i dischi (anche quelli originali a 78 giri) ma soprattutto la musica sarà “suonata” dal vivo grazie a <strong>18 complessi / band</strong> di cui <strong>3 grandi orchestre dedicate al liscio </strong>mentre<strong> 3 saranno i DJ Set animati da protagonisti delle notti in Riviera</strong>.</p>



<p class="has-vivid-cyan-blue-color has-text-color"><strong>LA GRANDE LOTTERIA 22 FESTA DE BORG</strong></p>



<p>Per sostenere la <a href="http://www.societadeborg.it/?page_id=3418">XXII Festa de Borg – TACA BILOZ – torna in campo la GRANDE LOTTERIA</a>. Acquistare uno o più biglietti della lotteria è il gesto più concreto per contribuire alla realizzazione di questa grande festa popolare, che resta &#8211; gratuita &#8211; e di tutti.</p>



<figure class="wp-block-image size-large"><a href="http://www.societadeborg.it/wordpress/wp-content/uploads/2024/09/sostienilafesta-web-facebook.png"><img decoding="async" loading="lazy" width="1024" height="512" src="http://www.societadeborg.it/wordpress/wp-content/uploads/2024/09/sostienilafesta-web-facebook-1024x512.png" alt="" class="wp-image-3446" srcset="http://www.societadeborg.it/wordpress/wp-content/uploads/2024/09/sostienilafesta-web-facebook-1024x512.png 1024w, http://www.societadeborg.it/wordpress/wp-content/uploads/2024/09/sostienilafesta-web-facebook-300x150.png 300w, http://www.societadeborg.it/wordpress/wp-content/uploads/2024/09/sostienilafesta-web-facebook-768x384.png 768w, http://www.societadeborg.it/wordpress/wp-content/uploads/2024/09/sostienilafesta-web-facebook-1536x768.png 1536w, http://www.societadeborg.it/wordpress/wp-content/uploads/2024/09/sostienilafesta-web-facebook-2048x1024.png 2048w" sizes="(max-width: 1024px) 100vw, 1024px" /></a></figure>



<p class="has-vivid-cyan-blue-color has-text-color"><strong>MANIFESTO 2024</strong></p>



<p>La grafica del manifesto ufficiale della XXII Festa de Borg è stato realizzato da Nicola Muratori, in arte Nix, borghigiano dagli anni ’80. Nix è illustratore e grafico freelance per editoria, architettura e industria discografica, ivi comprese molte discoteche e club della Riviera Romagnola. Fotografa e dipinge digitalmente. Vive e lavora tra l’Italia e il Brasile, si sveglia molto tardi e va a letto ancora più tardi.&nbsp;<a href="http://www.daltronde.com/">www.daltronde.com</a></p>



<hr class="wp-block-separator has-alpha-channel-opacity"/>



<p class="has-vivid-red-color has-text-color"><strong>LA FESTA DE BORG 2024 è resa possibile grazie a:</strong></p>



<ul>
<li><strong>Gli instancabili volontari </strong>che animano la nostra Festa, prima, durante e .. dopo!</li>



<li><strong>Il pubblico t</strong>ramite la Lotteria e degustando le proposte dei nostri stand.</li>



<li>il Patrocinio del <strong>Comune di Rimini </strong></li>



<li>il progetto <strong>ATUSS &#8220;Rimini, di verde e di blu&#8221;.</strong> </li>



<li>Main Sponsor dell&#8217;edizione 2024:<strong> RUGGERI Concessionaria KIA Rimini, ROMAGNA ACQUE Società delle Fonti spa, HERA spa, SGR Luce e Gas, ITALIAN EXIBITION GROUP Spa, PIADINA ROMAGNOLA Consorzio IGP.</strong></li>
</ul>



<p><em>Un ringraziamento particolare a:</em> <strong>RIVIERABANCA</strong> e all&#8217;<strong>Associazione dei commercianti Borgo San Giuliano.</strong></p>



<p><em>Media partner: </em><strong>Corriere di Romagna, IcaroTV, Radio GAMMA</strong></p>



<figure class="wp-block-image size-large"><a href="http://www.societadeborg.it/wordpress/wp-content/uploads/2024/09/FDB24_Sponsor.png"><img decoding="async" loading="lazy" width="1024" height="122" src="http://www.societadeborg.it/wordpress/wp-content/uploads/2024/09/FDB24_Sponsor-1024x122.png" alt="Main Sponsor 22° Festa de Borg" class="wp-image-3470" srcset="http://www.societadeborg.it/wordpress/wp-content/uploads/2024/09/FDB24_Sponsor-1024x122.png 1024w, http://www.societadeborg.it/wordpress/wp-content/uploads/2024/09/FDB24_Sponsor-300x36.png 300w, http://www.societadeborg.it/wordpress/wp-content/uploads/2024/09/FDB24_Sponsor-768x91.png 768w, http://www.societadeborg.it/wordpress/wp-content/uploads/2024/09/FDB24_Sponsor.png 1528w" sizes="(max-width: 1024px) 100vw, 1024px" /></a></figure>

<p>Quest’anno è quello buono, torna la Festa de Borg!&nbsp; Dopo ben sei anni dall’ultima edizione, il 6-7-8 settembre arriva la XXII edizione della Festa de Borg che si svolgerà tra le vie e le piazzette del caratteristico Borgo San Giuliano di Rimini, a ridosso del bimillenario ponte di Tiberio.&nbsp; La “Festa dè Borg” ha radici profonde e ben radicate in questo lembo di terra riminese ma l’importanza e l’apprezzamento per le sue proposte travalicano i confini simbolici del Borgo San Giuliano e sono divenuti, nel tempo, “patrimonio” collettivo di tutta la città e non solo. Ogni edizione ha un tema <a class="more-link" href="http://www.societadeborg.it/?page_id=3409">Leggi tutto</a></p>
