{"id":30,"date":"2013-08-05T15:12:52","date_gmt":"2013-08-05T15:12:52","guid":{"rendered":"http:\/\/www.societadeborg.it\/wordpress\/?page_id=30"},"modified":"2025-06-22T08:22:21","modified_gmt":"2025-06-22T08:22:21","slug":"lassociazione","status":"publish","type":"page","link":"http:\/\/www.societadeborg.it\/?page_id=30","title":{"rendered":"Chi siamo"},"content":{"rendered":"<p><strong>La Societ\u00e0 de&#8217; Borg<\/strong> \u00e8 l&#8217;Associazione democratica, apartitica, culturale e sociale costituita da alcuni abitanti del <strong>Borgo San Giuliano di Rimini<\/strong> e sostenuta da tutti coloro che gli sono affezionati.<\/p>\n<p>L&#8217;Associazione \u00e8 stata costituita formalmente il <strong>30 aprile 1984<\/strong> con l&#8217;intento di dare forma e struttura giuridica al Comitato spontaneo che era sorto in occasione dell&#8217;organizzazione delle prime Feste (la <a href=\"http:\/\/www.societadeborg.it\/?page_id=1058\"><strong>I\u00b0 Festa de Borg<\/strong><\/a> risale al 1\/2 settembre 1979).<br \/>Ci piace qui ricordare e ringraziare pubblicamente il gruppo iniziale di borghigiani che sottoscrissero l&#8217;Atto Costitutivo del 1984: i nostri &#8220;<strong>SOCI FONDATORI<\/strong>&#8220;: \u00a0<strong>Renato Berti, Ercole Scalesciani, Giuliano Ghirardelli, Mario Pasquinelli, Ercole Ricciotti, Dino Spadoni, Leila Fabrizi, Fausto Gasperoni, Orlando Gasperoni, Giovanni Pazzini.<\/strong><\/p>\n<p><a href=\"http:\/\/www.societadeborg.it\/?page_id=2814\">L&#8217;<strong>Albo dei PRESIDENTI<\/strong>\u00a0della Societ\u00e0 de Borg ha una pagina dedicata.<\/a><\/p>\n<p>A norma di Statuto, La Societ\u00e0 de Borg\u00a0ha lo scopo di svolgere attivit\u00e0 di utilit\u00e0 sociale a favore di associati o di terzi, operando\u00a0senza scopo di lucro e con finalit\u00e0 di recupero e valorizzazione delle tradizioni popolari, culturali e di solidariet\u00e0, partendo dalla realt\u00e0 del Borgo San Giuliano.<\/p>\n<p>Dal <strong>11 aprile 2006<\/strong> La Societ\u00e0 de Borg \u00e8 iscritta nel Registro Regionale delle Associazioni di Promozione Sociale (APS).<br \/>Dal <strong>2022<\/strong>, a seguito delle modifiche statuarie del 13\/06\/2022, ha avviato il processo di migrazione dell&#8217;iscrizione come APS al nuovo <strong>RUNTS &#8211; Registro Unico Nazionale enti Terzo Settore<\/strong>.<br \/>Dal <strong>2025<\/strong> La Societ\u00e0 de Borg aps \u00e8 affiliata ad <a href=\"https:\/\/www.unpli.info\/\" target=\"_blank\" rel=\"noopener\"><strong>UNPLI &#8211; Unione Nazionale Pro Loco Italia<\/strong><\/a><\/p>\n<p>L&#8217;attivit\u00e0 ordinaria non si riduce solo nell&#8217;organizzazione biennale della Festa de Borg (primo fine settimana di settembre degli anni &#8220;pari&#8221;) ma dalla Festa prende vigore l&#8217;insieme di eventi ed azioni che proseguono tutto l&#8217;anno (nel sito trovate varie esempi).<\/p>\n<p>Tra gli eventi ricorrenti organizzate da La Societ\u00e0 de&#8217; Borg segnaliamo:<\/p>\n<ul>\n<li><strong><a href=\"http:\/\/www.societadeborg.it\/?page_id=24\">Festa de&#8217; Borg<\/a>\u00a0<\/strong>(cadenza biennale &#8211; anni pari)<\/li>\n<li><strong>Borgosolidale<\/strong> (cadenza annuale, l&#8217;8 dicembre)<\/li>\n<li><strong>Befana Borgo Run<\/strong> (6 gennaio)<\/li>\n<li><strong>Tiberio Cinepicnic<\/strong> (ferragosto)<\/li>\n<\/ul>\n<h5><strong>CONSIGLIO IN CARICA:<\/strong><\/h5>\n<p>Domenica 15 maggio 2025, l&#8217;Assemblea Ordinaria dei Soci ha eletto il nuovo Consiglio della Societ\u00e0 De Borg (7 Consiglieri) ed \u00e8 composto da:<\/p>\n<ul>\n<li><strong>Stefano Tonini<\/strong>, Presidente<\/li>\n<li><strong>Roberta Paganelli<\/strong>, Vice-Presidente<\/li>\n<li><span style=\"font-weight: 600;\">Cristiana Fabbri<\/span>, Segretario<\/li>\n<li><strong>Pietro Ughi<\/strong>, Tesoriere ed economo<\/li>\n<li><strong><span style=\"font-weight: 600;\">Maurizio Arlotti<\/span>,<\/strong> Consigliere<\/li>\n<li><strong>Alberto Corbari,<\/strong> Consigliere<\/li>\n<li><strong>Matteo Carlo Benassi<\/strong>, Consigliere<\/li>\n<\/ul>\n\n\n<h1 class=\"wp-block-heading\">Perch\u00e9 associarsi alla Societ\u00e0 de Borg?<\/h1>\n\n\n\n<p>Perch\u00e9 Societ\u00e0 de Borg \u00e8 una associazione privata, laica, indipendente e apolitica, che opera socialmente e culturalmente per il bene del Borgo, ne documenta la bellezza, promuove le iniziative della comunit\u00e0 locale, si impegna per una cultura che sia conoscenza, approfondimento e occasione di crescita.<\/p>\n\n\n\n<p>Perch\u00e9 con il nostro tesseramento entri a far parte della grande famiglia delle Pro Loco italiane, aprendoti ad un mare di <strong><a href=\"https:\/\/tesseradelsocio.it\/\" target=\"_blank\" rel=\"noreferrer noopener\">opportunit\u00e0 e convenzioni<\/a><\/strong> su tutto il territorio italiano!<\/p>\n\n\n\n<p>Puoi associarti anche tu durante le nostre iniziative o richiedendo l&#8217;iscrizione direttamente a:<br><a href=\"mailto:societadeborg@gmail.com\">societadeborg@gmail.com<\/a><br>(lasciandoci il tuo nome e il tuo cell. ti ricontatteremo quanto prima)<\/p>\n","protected":false},"excerpt":{"rendered":"<p>La Societ\u00e0 de&#8217; Borg \u00e8 l&#8217;Associazione democratica, apartitica, culturale e sociale costituita da alcuni abitanti del Borgo San Giuliano di Rimini e sostenuta da tutti coloro che gli sono affezionati. L&#8217;Associazione \u00e8 stata costituita formalmente il 30 aprile 1984 con l&#8217;intento di dare forma e struttura giuridica al Comitato spontaneo che era sorto in occasione dell&#8217;organizzazione delle prime Feste (la I\u00b0 Festa de Borg risale al 1\/2 settembre 1979).Ci piace qui ricordare e ringraziare pubblicamente il gruppo iniziale di borghigiani che sottoscrissero l&#8217;Atto Costitutivo del 1984: i nostri &#8220;SOCI FONDATORI&#8220;: \u00a0Renato Berti, Ercole Scalesciani, Giuliano Ghirardelli, Mario Pasquinelli, Ercole Ricciotti, <a class=\"more-link\" href=\"http:\/\/www.societadeborg.it\/?page_id=30\">Leggi tutto<\/a><\/p>\n","protected":false},"author":1,"featured_media":0,"parent":0,"menu_order":6,"comment_status":"closed","ping_status":"open","template":"","meta":[],"_links":{"self":[{"href":"http:\/\/www.societadeborg.it\/index.php?rest_route=\/wp\/v2\/pages\/30"}],"collection":[{"href":"http:\/\/www.societadeborg.it\/index.php?rest_route=\/wp\/v2\/pages"}],"about":[{"href":"http:\/\/www.societadeborg.it\/index.php?rest_route=\/wp\/v2\/types\/page"}],"author":[{"embeddable":true,"href":"http:\/\/www.societadeborg.it\/index.php?rest_route=\/wp\/v2\/users\/1"}],"replies":[{"embeddable":true,"href":"http:\/\/www.societadeborg.it\/index.php?rest_route=%2Fwp%2Fv2%2Fcomments&post=30"}],"version-history":[{"count":76,"href":"http:\/\/www.societadeborg.it\/index.php?rest_route=\/wp\/v2\/pages\/30\/revisions"}],"predecessor-version":[{"id":3572,"href":"http:\/\/www.societadeborg.it\/index.php?rest_route=\/wp\/v2\/pages\/30\/revisions\/3572"}],"wp:attachment":[{"href":"http:\/\/www.societadeborg.it\/index.php?rest_route=%2Fwp%2Fv2%2Fmedia&parent=30"}],"curies":[{"name":"wp","href":"https:\/\/api.w.org\/{rel}","templated":true}]}}

<p><strong>La Società de&#8217; Borg</strong> è l&#8217;Associazione democratica, apartitica, culturale e sociale costituita da alcuni abitanti del <strong>Borgo San Giuliano di Rimini</strong> e sostenuta da tutti coloro che gli sono affezionati.</p>
<p>L&#8217;Associazione è stata costituita formalmente il <strong>30 aprile 1984</strong> con l&#8217;intento di dare forma e struttura giuridica al Comitato spontaneo che era sorto in occasione dell&#8217;organizzazione delle prime Feste (la <a href="http://www.societadeborg.it/?page_id=1058"><strong>I° Festa de Borg</strong></a> risale al 1/2 settembre 1979).<br />Ci piace qui ricordare e ringraziare pubblicamente il gruppo iniziale di borghigiani che sottoscrissero l&#8217;Atto Costitutivo del 1984: i nostri &#8220;<strong>SOCI FONDATORI</strong>&#8220;:  <strong>Renato Berti, Ercole Scalesciani, Giuliano Ghirardelli, Mario Pasquinelli, Ercole Ricciotti, Dino Spadoni, Leila Fabrizi, Fausto Gasperoni, Orlando Gasperoni, Giovanni Pazzini.</strong></p>
<p><a href="http://www.societadeborg.it/?page_id=2814">L&#8217;<strong>Albo dei PRESIDENTI</strong> della Società de Borg ha una pagina dedicata.</a></p>
<p>A norma di Statuto, La Società de Borg ha lo scopo di svolgere attività di utilità sociale a favore di associati o di terzi, operando senza scopo di lucro e con finalità di recupero e valorizzazione delle tradizioni popolari, culturali e di solidarietà, partendo dalla realtà del Borgo San Giuliano.</p>
<p>Dal <strong>11 aprile 2006</strong> La Società de Borg è iscritta nel Registro Regionale delle Associazioni di Promozione Sociale (APS).<br />Dal <strong>2022</strong>, a seguito delle modifiche statuarie del 13/06/2022, ha avviato il processo di migrazione dell&#8217;iscrizione come APS al nuovo <strong>RUNTS &#8211; Registro Unico Nazionale enti Terzo Settore</strong>.<br />Dal <strong>2025</strong> La Società de Borg aps è affiliata ad <a href="https://www.unpli.info/" target="_blank" rel="noopener"><strong>UNPLI &#8211; Unione Nazionale Pro Loco Italia</strong></a></p>
<p>L&#8217;attività ordinaria non si riduce solo nell&#8217;organizzazione biennale della Festa de Borg (primo fine settimana di settembre degli anni &#8220;pari&#8221;) ma dalla Festa prende vigore l&#8217;insieme di eventi ed azioni che proseguono tutto l&#8217;anno (nel sito trovate varie esempi).</p>
<p>Tra gli eventi ricorrenti organizzate da La Società de&#8217; Borg segnaliamo:</p>
<ul>
<li><strong><a href="http://www.societadeborg.it/?page_id=24">Festa de&#8217; Borg</a> </strong>(cadenza biennale &#8211; anni pari)</li>
<li><strong>Borgosolidale</strong> (cadenza annuale, l&#8217;8 dicembre)</li>
<li><strong>Befana Borgo Run</strong> (6 gennaio)</li>
<li><strong>Tiberio Cinepicnic</strong> (ferragosto)</li>
</ul>
<h5><strong>CONSIGLIO IN CARICA:</strong></h5>
<p>Domenica 15 maggio 2025, l&#8217;Assemblea Ordinaria dei Soci ha eletto il nuovo Consiglio della Società De Borg (7 Consiglieri) ed è composto da:</p>
<ul>
<li><strong>Stefano Tonini</strong>, Presidente</li>
<li><strong>Roberta Paganelli</strong>, Vice-Presidente</li>
<li><span style="font-weight: 600;">Cristiana Fabbri</span>, Segretario</li>
<li><strong>Pietro Ughi</strong>, Tesoriere ed economo</li>
<li><strong><span style="font-weight: 600;">Maurizio Arlotti</span>,</strong> Consigliere</li>
<li><strong>Alberto Corbari,</strong> Consigliere</li>
<li><strong>Matteo Carlo Benassi</strong>, Consigliere</li>
</ul>


<h1 class="wp-block-heading">Perché associarsi alla Società de Borg?</h1>



<p>Perché Società de Borg è una associazione privata, laica, indipendente e apolitica, che opera socialmente e culturalmente per il bene del Borgo, ne documenta la bellezza, promuove le iniziative della comunità locale, si impegna per una cultura che sia conoscenza, approfondimento e occasione di crescita.</p>



<p>Perché con il nostro tesseramento entri a far parte della grande famiglia delle Pro Loco italiane, aprendoti ad un mare di <strong><a href="https://tesseradelsocio.it/" target="_blank" rel="noreferrer noopener">opportunità e convenzioni</a></strong> su tutto il territorio italiano!</p>



<p>Puoi associarti anche tu durante le nostre iniziative o richiedendo l&#8217;iscrizione direttamente a:<br><a href="mailto:societadeborg@gmail.com">societadeborg@gmail.com</a><br>(lasciandoci il tuo nome e il tuo cell. ti ricontatteremo quanto prima)</p>

<p>La Società de&#8217; Borg è l&#8217;Associazione democratica, apartitica, culturale e sociale costituita da alcuni abitanti del Borgo San Giuliano di Rimini e sostenuta da tutti coloro che gli sono affezionati. L&#8217;Associazione è stata costituita formalmente il 30 aprile 1984 con l&#8217;intento di dare forma e struttura giuridica al Comitato spontaneo che era sorto in occasione dell&#8217;organizzazione delle prime Feste (la I° Festa de Borg risale al 1/2 settembre 1979).Ci piace qui ricordare e ringraziare pubblicamente il gruppo iniziale di borghigiani che sottoscrissero l&#8217;Atto Costitutivo del 1984: i nostri &#8220;SOCI FONDATORI&#8220;:  Renato Berti, Ercole Scalesciani, Giuliano Ghirardelli, Mario Pasquinelli, Ercole Ricciotti, <a class="more-link" href="http://www.societadeborg.it/?page_id=30">Leggi tutto</a></p>
