{"id":2196,"date":"2016-07-05T06:37:22","date_gmt":"2016-07-05T06:37:22","guid":{"rendered":"http:\/\/www.societadeborg.it\/?page_id=2196"},"modified":"2016-07-05T06:40:22","modified_gmt":"2016-07-05T06:40:22","slug":"policy-privacy-contest-festa-de-borg-perfect-day","status":"publish","type":"page","link":"http:\/\/www.societadeborg.it\/?page_id=2196","title":{"rendered":"Policy Privacy, Contest Festa de Borg-Perfect Day"},"content":{"rendered":"<p><strong>Informativa prestata ai sensi dell\u2019art. 13 D.Lgs. 30 giugno 2003 n. 196 \u201cCodice in materia di protezione dei dati personali\u201d.<\/strong><\/p>\n<p>Il Contest Festa de Borg &#8211; Perfect Day \u00e8 organizzato da La Societ\u00e0 de Borg (Via Ortaggi, 2 &#8211; Rimini, www.societadeborg.it) e Associazione MakeRn di Rimini (www.makern.it); responsabile per il trattamento dei dati \u00e8 per La Societ\u00e0 de Borg, nella persona di Stefano Tonini (societadeborg@gmail.it) e per Associazione MakeRN, nella persona di Luca Berardi (info@makern.it).<br \/>\nNel rispetto di quanto stabilito nel D.Lgs. 196\/2003 di seguito forniamo le indicazioni relative alle finalit\u00e0 e modalit\u00e0 del trattamento dei dati personali a seguito della partecipazione al Contest Festa de Borg 2016 mediante la compilazione online del modulo di partecipazione disponibile su <a href=\"https:\/\/docs.google.com\/forms\/d\/1iOTZaX42EcWHBk-r5V6njXeIJMP8Hw9Tg-tlWyAdlqw\/viewform?fbzx=-2201012578005175600 \">cliccando questo link.<\/a><\/p>\n<p><strong>Dati soggetti al trattamento<\/strong><br \/>\nCon la partecipazione al Contest, ti verr\u00e0 chiesto di prendere visione dell\u2019informativa resa ai sensi dell\u2019art.13 D.lgs. 30 giugno 2003, n. 196, che contiene il \u201cCodice in materia di protezione dei dati personali\u201d.<br \/>\nAi sensi dell\u2019art. 13 del D.lgs. 30 giugno 2003, n. 196, \u201cCodice in materia di protezione dei dati personali\u201d, i dati personali forniti con l\u2019invio facoltativo e volontario del presente modulo (a titolo esemplificativo ma non esaustivo: nome e cognome, codice fiscale, indirizzo, recapito telefonico, indirizzo mail), saranno oggetto di trattamento da parte di La Societ\u00e0 de Borg e Associazione MakeRN, nel rispetto della normativa sopra menzionata, per le seguenti finalit\u00e0:<br \/>\na) per rispondere ai quesiti eventualmente formulati;<br \/>\nb) per finalit\u00e0 previste all&#8217;interno del contest, quali l\u2019invio di informazioni funzionali allo svolgimento del contest, per finalit\u00e0 editoriali (poster, sito internet, social network, volantini, libretti, ecc.), di informazione e di promozione;<br \/>\nc) per comunicazioni di servizio, alla mail indicata;<br \/>\nd)\u00a0 per finalit\u00e0 statistiche in forma aggregata;<br \/>\ne) e in generale per le finalit\u00e0 ammesse dalla legge.<\/p>\n<p>Il conferimento di tali dati \u00e8 necessario per la registrazione e la partecipazione al Contest Festa de Borg 2016. Non saranno raccolti n\u00e9 trattati\u00a0 dati sensibili dell\u2019utente.<br \/>\nIl trattamento dei dati personali forniti sar\u00e0 effettuato con l\u2019ausilio di strumenti manuali e informatici, e comunque con modalit\u00e0 atte a garantire la sicurezza e la riservatezza degli stessi. I dati personali oggetto di trattamento potranno essere comunicati a terzi nel caso in cui ci\u00f2 sia necessario per l\u2019espletamento delle finalit\u00e0 dinanzi specificate. I dati non saranno diffusi e verranno archiviati nei nostri database a tempo indeterminato.<\/p>\n<p>La trasmissione di dati personali e di progetto a La Societ\u00e0 de Borg e a Associazione MakeRN avviene sotto la tua diretta responsabilit\u00e0.<br \/>\nIl conferimento dei dati \u00e8 facoltativo; tuttavia ti facciamo presente che:<br \/>\n&#8211; per le finalit\u00e0 sopra indicate al punto a) e b), in caso di mancato o incompleto conferimento ovvero di conferimento di informazioni non rispondenti al vero la richiesta di partecipazione al Contest Festa de Borg 2016 non potr\u00e0 essere presa in considerazione.<\/p>\n<p>Ti garantiamo la massima cautela nel trattare i dati da forniti al fine di garantirne la sicurezza e la riservatezza in conformit\u00e0 a quanto disposto dal Decreto Legislativo 30 giugno 2003, n. 196. L\u2019art. 7 del citato Decreto ti conferisce in ogni caso la possibilit\u00e0 di esercitare specifici diritti, tra i quali la facolt\u00e0 di richiedere gratuitamente l\u2019aggiornamento, la rettifica, la cancellazione ovvero l\u2019integrazione di detti dati. Per l\u2019esercizio di tali diritti potrai contattare senza formalit\u00e0 La Societ\u00e0 de Borg, Stefano Tonini (societadeborg@gmail.it) e per Associazione MakeRN Luca Berardi (info@makern.it).<\/p>\n<p>Titolare del trattamento sono La Societ\u00e0 de Borg, nella persona di Stefano Tonini (societadeborg@gmail.it) e l&#8217;Associazione MakeRN nella persona di Luca Berardi (info@makern.it).<\/p>\n<p>Chiediamo di non inviare le informazioni relative al Contest Festa de Borg 2016 a soggetti terzi che non siano strettamente necessari e coinvolti.<\/p>\n<p><strong>Decreto Legislativo 30 giugno 2003, n. 196, Codice in materia di protezione dei dati personali pubblicato nella Gazzetta Ufficiale n. 174 del 29 luglio 2003 &#8211; Supplemento Ordinario n. 123<\/strong><\/p>\n<p>Art. 13 (Informativa)<br \/>\nL\u2019interessato o la persona presso la quale sono raccolti i dati personali sono previamente informati oralmente o per iscritto circa:<br \/>\na) le finalit\u00e0 e le modalit\u00e0 del trattamento cui sono destinati i dati;<br \/>\nb) la natura obbligatoria o facoltativa del conferimento dei dati;<br \/>\nc) le conseguenze di un eventuale rifiuto di rispondere;<br \/>\nd) i soggetti o le categorie di soggetti ai quali i dati personali possono essere comunicati o che possono venirne a conoscenza in qualit\u00e0 di responsabili o incaricati, e l\u2019ambito di diffusione dei dati medesimi;<br \/>\ne) i diritti di cui all\u2019articolo 7;<br \/>\nf) gli estremi identificativi del titolare e, se designati, del rappresentante nel territorio dello Stato ai sensi dell\u2019articolo 5 e del responsabile. Quando il titolare ha designato pi\u00f9 responsabili \u00e8 indicato almeno uno di essi, indicando il sito della rete di comunicazione o le modalit\u00e0 attraverso le quali \u00e8 conoscibile in modo agevole l\u2019elenco aggiornato dei responsabili. Quando \u00e8 stato designato un responsabile per il riscontro all\u2019interessato in caso di esercizio dei diritti di cui all\u2019articolo 7, \u00e8 indicato tale responsabile.<\/p>\n<p>L\u2019informativa di cui al comma 1 contiene anche gli elementi previsti da specifiche disposizioni del presente codice e pu\u00f2 non comprendere gli elementi gi\u00e0 noti alla persona che fornisce i dati o la cui conoscenza pu\u00f2 ostacolare in concreto l\u2019espletamento, da parte di un soggetto pubblico, di funzioni ispettive o di controllo svolte per finalit\u00e0 di difesa o sicurezza dello Stato oppure di prevenzione, accertamento o repressione di reati.<\/p>\n<p>Il Garante pu\u00f2 individuare con proprio provvedimento modalit\u00e0 semplificate per l\u2019informativa fornita in particolare da servizi telefonici di assistenza e informazione al pubblico.<\/p>\n<p>Se i dati personali non sono raccolti presso l\u2019interessato, l\u2019informativa di cui al comma 1, comprensiva delle categorie di dati trattati, \u00e8 data al medesimo interessato all\u2019atto della registrazione dei dati o, quando \u00e8 prevista la loro comunicazione, non oltre la prima comunicazione.<\/p>\n<p>La disposizione di cui al comma 4 non si applica quando:<br \/>\na) i dati sono trattati in base ad un obbligo previsto dalla legge, da un regolamento o dalla normativa comunitaria;<br \/>\nb) i dati sono trattati ai fini dello svolgimento delle investigazioni difensive di cui alla legge 7 dicembre 2000, n. 397, o, comunque, per far valere o difendere un diritto in sede giudiziaria, sempre che i dati siano trattati esclusivamente per tali finalit\u00e0 e per il periodo strettamente necessario al loro perseguimento;<br \/>\nc) l\u2019informativa all\u2019interessato comporta un impiego di mezzi che il Garante, prescrivendo eventuali misure appropriate. dichiari manifestamente sproporzionati rispetto al diritto tutelato, ovvero si riveli, a giudizio del Garante, impossibile.<\/p>\n<p>Art. 7 (Diritto di accesso ai dati personali ed altri diritti)<br \/>\nL\u2019interessato ha diritto di ottenere la conferma dell\u2019esistenza o meno di dati personali che lo riguardano, anche se non ancora registrati, e la loro comunicazione in forma intelligibile.<\/p>\n<p>L\u2019interessato ha diritto di ottenere l\u2019indicazione:<br \/>\na) dell\u2019origine dei dati personali;<br \/>\nb) delle finalit\u00e0 e modalit\u00e0 del trattamento;<br \/>\nc) della logica applicata in caso di trattamento effettuato con l\u2019ausilio di strumenti elettronici;<br \/>\nd) degli estremi identificativi del titolare, dei responsabili e del rappresentante designato ai sensi dell\u2019articolo 5, comma 2;<br \/>\ne) dei soggetti o delle categorie di soggetti ai quali i dati personali possono essere comunicati o che possono venirne a conoscenza in qualit\u00e0 di rappresentante designato nel territorio dello Stato, di responsabili o incaricati.<\/p>\n<p>L\u2019interessato ha diritto di ottenere:<br \/>\na) l\u2019aggiornamento, la rettificazione ovvero, quando vi ha interesse, l\u2019integrazione dei dati;<br \/>\nb) la cancellazione, la trasformazione in forma anonima o il blocco dei dati trattati in violazione di legge, compresi quelli di cui non \u00e8 necessaria la conservazione in relazione agli scopi per i quali i dati sono stati raccolti o successivamente trattati;<br \/>\nc) l\u2019attestazione che le operazioni di cui alle lettere a) e b) sono state portate a conoscenza, anche per quanto riguarda il loro contenuto, di coloro ai quali i dati sono stati comunicati o diffusi, eccettuato il caso in cui tale adempimento si rivela impossibile o comporta un impiego di mezzi manifestamente sproporzionato rispetto al diritto tutelato.<\/p>\n<p>L\u2019interessato ha diritto di opporsi, in tutto o in parte:<br \/>\na) per motivi legittimi al trattamento dei dati personali che lo riguardano, ancorch\u00e9 pertinenti allo scopo della raccolta;<br \/>\nb) al trattamento di dati personali che lo riguardano a fini di invio di materiale pubblicitario o di vendita diretta o per il compimento di ricerche di mercato o di comunicazione commerciale.<\/p>\n<p><strong>COOKIE POLICY<\/strong><br \/>\nIn occasione dell\u2019accesso al Sito da parte dell\u2019utente, potranno essere installati sul dispositivo dell\u2019utente cookie tecnici, necessari per la navigazione o utili a migliorare l\u2019esperienza di navigazione. Il Sito installer\u00e0 sul dispositivo dell\u2019utente, o lascer\u00e0 installare a terzi, alcuni cookie necessari per acquisire o far acquisire a suoi partner informazioni statistiche in forma anonima e aggregata relative alla navigazione degli utenti sulle proprie pagine.<br \/>\nPrevio consenso dell\u2019utente, il Sito installer\u00e0 inoltre cookie di terze parti, per la condivisione su alcuni dei principali social network (Facebook,Twitter,Google+,YouTube).<br \/>\nLa Societ\u00e0 de Borg e Associazione MakeRn non hanno accesso ai dati raccolti tramite tali cookie, per ulteriori informazioni sulle modalit\u00e0 del trattamento dei dati raccolti gli utenti sono invitati a leggere l\u2019informativa sulla privacy fornite da:<br \/>\nFacebook http:\/\/www.facebook.com\/policy.php<br \/>\nTwitter http:\/\/twitter.com\/privacy<br \/>\nGoogle+ e YouTube https:\/\/www.google.it\/intl\/it\/policies\/privacy\/<\/p>\n<p>Il consenso viene prestato cliccando \u201cOK\u201d nel banner che compare in occasione del primo accesso al Sito e pu\u00f2 essere revocato dall\u2019utente.<br \/>\nL\u2019eventuale non accettazione dei cookie non impedisce la navigazione del Sito.<\/p>\n","protected":false},"excerpt":{"rendered":"<p>Informativa prestata ai sensi dell\u2019art. 13 D.Lgs. 30 giugno 2003 n. 196 \u201cCodice in materia di protezione dei dati personali\u201d. Il Contest Festa de Borg &#8211; Perfect Day \u00e8 organizzato da La Societ\u00e0 de Borg (Via Ortaggi, 2 &#8211; Rimini, www.societadeborg.it) e Associazione MakeRn di Rimini (www.makern.it); responsabile per il trattamento dei dati \u00e8 per La Societ\u00e0 de Borg, nella persona di Stefano Tonini (societadeborg@gmail.it) e per Associazione MakeRN, nella persona di Luca Berardi (info@makern.it). Nel rispetto di quanto stabilito nel D.Lgs. 196\/2003 di seguito forniamo le indicazioni relative alle finalit\u00e0 e modalit\u00e0 del trattamento dei dati personali a seguito <a class=\"more-link\" href=\"http:\/\/www.societadeborg.it\/?page_id=2196\">Leggi tutto<\/a><\/p>\n","protected":false},"author":1,"featured_media":0,"parent":1986,"menu_order":0,"comment_status":"closed","ping_status":"closed","template":"","meta":[],"_links":{"self":[{"href":"http:\/\/www.societadeborg.it\/index.php?rest_route=\/wp\/v2\/pages\/2196"}],"collection":[{"href":"http:\/\/www.societadeborg.it\/index.php?rest_route=\/wp\/v2\/pages"}],"about":[{"href":"http:\/\/www.societadeborg.it\/index.php?rest_route=\/wp\/v2\/types\/page"}],"author":[{"embeddable":true,"href":"http:\/\/www.societadeborg.it\/index.php?rest_route=\/wp\/v2\/users\/1"}],"replies":[{"embeddable":true,"href":"http:\/\/www.societadeborg.it\/index.php?rest_route=%2Fwp%2Fv2%2Fcomments&post=2196"}],"version-history":[{"count":4,"href":"http:\/\/www.societadeborg.it\/index.php?rest_route=\/wp\/v2\/pages\/2196\/revisions"}],"predecessor-version":[{"id":2238,"href":"http:\/\/www.societadeborg.it\/index.php?rest_route=\/wp\/v2\/pages\/2196\/revisions\/2238"}],"up":[{"embeddable":true,"href":"http:\/\/www.societadeborg.it\/index.php?rest_route=\/wp\/v2\/pages\/1986"}],"wp:attachment":[{"href":"http:\/\/www.societadeborg.it\/index.php?rest_route=%2Fwp%2Fv2%2Fmedia&parent=2196"}],"curies":[{"name":"wp","href":"https:\/\/api.w.org\/{rel}","templated":true}]}}