{"id":2141,"date":"2016-04-27T22:45:06","date_gmt":"2016-04-27T22:45:06","guid":{"rendered":"http:\/\/www.societadeborg.it\/?page_id=2141"},"modified":"2016-06-11T12:27:04","modified_gmt":"2016-06-11T12:27:04","slug":"parcheggi-amo-al-borgo","status":"publish","type":"page","link":"http:\/\/www.societadeborg.it\/?page_id=2141","title":{"rendered":"Parcheggi-AMO al Borgo"},"content":{"rendered":"<p>Il progetto nasce dall&#8217;esigenza di migliorare la vivibilit\u00e0 degli spazi urbani all&#8217;interno del Borgo attraverso soluzioni per la regolamentazione del transito delle autovetture e la relativa sosta.<\/p>\n<p>Il &#8220;problema&#8221; dei parcheggi o della sosta delle autovetture dei residenti \u00e8 sempre stata una questione di difficile soluzione.<\/p>\n<p><img decoding=\"async\" loading=\"lazy\" class=\" wp-image-2142 alignleft\" alt=\"Parcheggi-amo-28apr_web\" src=\"http:\/\/www.societadeborg.it\/wordpress\/wp-content\/uploads\/2016\/04\/Parcheggi-amo-28apr_web-212x300.jpg\" width=\"148\" height=\"210\" srcset=\"http:\/\/www.societadeborg.it\/wordpress\/wp-content\/uploads\/2016\/04\/Parcheggi-amo-28apr_web-212x300.jpg 212w, http:\/\/www.societadeborg.it\/wordpress\/wp-content\/uploads\/2016\/04\/Parcheggi-amo-28apr_web-724x1024.jpg 724w, http:\/\/www.societadeborg.it\/wordpress\/wp-content\/uploads\/2016\/04\/Parcheggi-amo-28apr_web.jpg 827w\" sizes=\"(max-width: 148px) 100vw, 148px\" \/><\/p>\n<p>La Societ\u00e0 de Borg, sul solco dei numerosi interventi di riqualificazione dell&#8217;area, ritorna sull&#8217;argomento, valutando<strong> una serie di soluzioni<\/strong> \/ opzioni che comprendono <strong>sia parcheggi a raso, riservati ai residenti in aree dedicate del Borgo<\/strong> (prevalentemente ai bordi del perimetro residenziale) attraverso posti auto con le &#8220;R&#8221; gi\u00e0 in uso nel Centro Storico di Rimini,<strong> sia la costruzione ad hoc di un parcheggio interrato<\/strong>, sotto l&#8217;attuale piazzale Tiberio, in cui ricavare posti auto, garage e cantine da unire &#8211; in pertinenza &#8211; all&#8217;abitazione principale.<\/p>\n<p>Si \u00e8 quindi tornati a discutere pubblicamente dell&#8217;argomento in occasione dell&#8217;incontro del 28 aprile 2016 presso il Cinema Tiberio. In quella sede ci si \u00e8 confrontati con gli intervenuti sulle varie problematiche, illustrando lo stato di fatto e possibili soluzioni.<\/p>\n<p>Nel frattempo, la <strong>proposta di un parcheggio interrato, sotto l&#8217;attuale piazzale Tiberio<\/strong>, prosegue il suo cammino; attualmente stiamo raccogliendo le &#8220;manifestazioni d&#8217;interesse&#8221; da parte di singoli cittadini interessati ad acquistare un<strong> posto auto, box e\/o cantina<\/strong> all&#8217;interno della prevista struttura.<\/p>\n<p>Precisiamo ulteriormente che <strong>la nostra proposta di parcheggio interrato vuole essere &#8220;una delle soluzioni&#8221; \u00a0e non &#8220;la&#8221; soluzione al \u00a0problema.<\/strong><\/p>\n<p>In questa fase la &#8220;manifestazione d&#8217;interesse&#8221; non \u00e8 impegnativa per le parti e non comporta il rilascio di depositi o caparre. Qualora il progetto si concretizzasse, la Societ\u00e0 costruttrice incaricata a realizzare il parcheggio, riconnetter\u00e0 gli interessati per la conferma definitiva; in quella sede verr\u00e0 proposto il contratto vero e proprio.<\/p>\n<p>Per informazioni sul progetto puoi contattarci a <strong>societadeborg@gmail.com<\/strong><\/p>\n<p><a href=\"http:\/\/www.societadeborg.it\/wordpress\/wp-content\/uploads\/2016\/04\/Pieghevole-Parcheggi-Amo-20160606_1.jpg\"><img decoding=\"async\" loading=\"lazy\" class=\"aligncenter size-large wp-image-2185\" alt=\"Pieghevole Parcheggi-Amo 20160606_1\" src=\"http:\/\/www.societadeborg.it\/wordpress\/wp-content\/uploads\/2016\/04\/Pieghevole-Parcheggi-Amo-20160606_1-1024x740.jpg\" width=\"690\" height=\"498\" srcset=\"http:\/\/www.societadeborg.it\/wordpress\/wp-content\/uploads\/2016\/04\/Pieghevole-Parcheggi-Amo-20160606_1-1024x740.jpg 1024w, http:\/\/www.societadeborg.it\/wordpress\/wp-content\/uploads\/2016\/04\/Pieghevole-Parcheggi-Amo-20160606_1-300x216.jpg 300w, http:\/\/www.societadeborg.it\/wordpress\/wp-content\/uploads\/2016\/04\/Pieghevole-Parcheggi-Amo-20160606_1.jpg 1234w\" sizes=\"(max-width: 690px) 100vw, 690px\" \/><\/a> <a href=\"http:\/\/www.societadeborg.it\/wordpress\/wp-content\/uploads\/2016\/04\/Pieghevole-Parcheggi-Amo-20160606_2.jpg\"><img decoding=\"async\" loading=\"lazy\" class=\"aligncenter size-large wp-image-2186\" alt=\"Pieghevole Parcheggi-Amo 20160606_2\" src=\"http:\/\/www.societadeborg.it\/wordpress\/wp-content\/uploads\/2016\/04\/Pieghevole-Parcheggi-Amo-20160606_2-1024x740.jpg\" width=\"690\" height=\"498\" srcset=\"http:\/\/www.societadeborg.it\/wordpress\/wp-content\/uploads\/2016\/04\/Pieghevole-Parcheggi-Amo-20160606_2-1024x740.jpg 1024w, http:\/\/www.societadeborg.it\/wordpress\/wp-content\/uploads\/2016\/04\/Pieghevole-Parcheggi-Amo-20160606_2-300x216.jpg 300w, http:\/\/www.societadeborg.it\/wordpress\/wp-content\/uploads\/2016\/04\/Pieghevole-Parcheggi-Amo-20160606_2.jpg 1234w\" sizes=\"(max-width: 690px) 100vw, 690px\" \/><\/a><\/p>\n","protected":false},"excerpt":{"rendered":"<p>Il progetto nasce dall&#8217;esigenza di migliorare la vivibilit\u00e0 degli spazi urbani all&#8217;interno del Borgo attraverso soluzioni per la regolamentazione del transito delle autovetture e la relativa sosta. Il &#8220;problema&#8221; dei parcheggi o della sosta delle autovetture dei residenti \u00e8 sempre stata una questione di difficile soluzione. La Societ\u00e0 de Borg, sul solco dei numerosi interventi di riqualificazione dell&#8217;area, ritorna sull&#8217;argomento, valutando una serie di soluzioni \/ opzioni che comprendono sia parcheggi a raso, riservati ai residenti in aree dedicate del Borgo (prevalentemente ai bordi del perimetro residenziale) attraverso posti auto con le &#8220;R&#8221; gi\u00e0 in uso nel Centro Storico di <a class=\"more-link\" href=\"http:\/\/www.societadeborg.it\/?page_id=2141\">Leggi tutto<\/a><\/p>\n","protected":false},"author":1,"featured_media":0,"parent":0,"menu_order":0,"comment_status":"closed","ping_status":"closed","template":"","meta":[],"_links":{"self":[{"href":"http:\/\/www.societadeborg.it\/index.php?rest_route=\/wp\/v2\/pages\/2141"}],"collection":[{"href":"http:\/\/www.societadeborg.it\/index.php?rest_route=\/wp\/v2\/pages"}],"about":[{"href":"http:\/\/www.societadeborg.it\/index.php?rest_route=\/wp\/v2\/types\/page"}],"author":[{"embeddable":true,"href":"http:\/\/www.societadeborg.it\/index.php?rest_route=\/wp\/v2\/users\/1"}],"replies":[{"embeddable":true,"href":"http:\/\/www.societadeborg.it\/index.php?rest_route=%2Fwp%2Fv2%2Fcomments&post=2141"}],"version-history":[{"count":4,"href":"http:\/\/www.societadeborg.it\/index.php?rest_route=\/wp\/v2\/pages\/2141\/revisions"}],"predecessor-version":[{"id":2190,"href":"http:\/\/www.societadeborg.it\/index.php?rest_route=\/wp\/v2\/pages\/2141\/revisions\/2190"}],"wp:attachment":[{"href":"http:\/\/www.societadeborg.it\/index.php?rest_route=%2Fwp%2Fv2%2Fmedia&parent=2141"}],"curies":[{"name":"wp","href":"https:\/\/api.w.org\/{rel}","templated":true}]}}

<p>Il progetto nasce dall&#8217;esigenza di migliorare la vivibilità degli spazi urbani all&#8217;interno del Borgo attraverso soluzioni per la regolamentazione del transito delle autovetture e la relativa sosta.</p>
<p>Il &#8220;problema&#8221; dei parcheggi o della sosta delle autovetture dei residenti è sempre stata una questione di difficile soluzione.</p>
<p><img decoding="async" loading="lazy" class=" wp-image-2142 alignleft" alt="Parcheggi-amo-28apr_web" src="http://www.societadeborg.it/wordpress/wp-content/uploads/2016/04/Parcheggi-amo-28apr_web-212x300.jpg" width="148" height="210" srcset="http://www.societadeborg.it/wordpress/wp-content/uploads/2016/04/Parcheggi-amo-28apr_web-212x300.jpg 212w, http://www.societadeborg.it/wordpress/wp-content/uploads/2016/04/Parcheggi-amo-28apr_web-724x1024.jpg 724w, http://www.societadeborg.it/wordpress/wp-content/uploads/2016/04/Parcheggi-amo-28apr_web.jpg 827w" sizes="(max-width: 148px) 100vw, 148px" /></p>
<p>La Società de Borg, sul solco dei numerosi interventi di riqualificazione dell&#8217;area, ritorna sull&#8217;argomento, valutando<strong> una serie di soluzioni</strong> / opzioni che comprendono <strong>sia parcheggi a raso, riservati ai residenti in aree dedicate del Borgo</strong> (prevalentemente ai bordi del perimetro residenziale) attraverso posti auto con le &#8220;R&#8221; già in uso nel Centro Storico di Rimini,<strong> sia la costruzione ad hoc di un parcheggio interrato</strong>, sotto l&#8217;attuale piazzale Tiberio, in cui ricavare posti auto, garage e cantine da unire &#8211; in pertinenza &#8211; all&#8217;abitazione principale.</p>
<p>Si è quindi tornati a discutere pubblicamente dell&#8217;argomento in occasione dell&#8217;incontro del 28 aprile 2016 presso il Cinema Tiberio. In quella sede ci si è confrontati con gli intervenuti sulle varie problematiche, illustrando lo stato di fatto e possibili soluzioni.</p>
<p>Nel frattempo, la <strong>proposta di un parcheggio interrato, sotto l&#8217;attuale piazzale Tiberio</strong>, prosegue il suo cammino; attualmente stiamo raccogliendo le &#8220;manifestazioni d&#8217;interesse&#8221; da parte di singoli cittadini interessati ad acquistare un<strong> posto auto, box e/o cantina</strong> all&#8217;interno della prevista struttura.</p>
<p>Precisiamo ulteriormente che <strong>la nostra proposta di parcheggio interrato vuole essere &#8220;una delle soluzioni&#8221;  e non &#8220;la&#8221; soluzione al  problema.</strong></p>
<p>In questa fase la &#8220;manifestazione d&#8217;interesse&#8221; non è impegnativa per le parti e non comporta il rilascio di depositi o caparre. Qualora il progetto si concretizzasse, la Società costruttrice incaricata a realizzare il parcheggio, riconnetterà gli interessati per la conferma definitiva; in quella sede verrà proposto il contratto vero e proprio.</p>
<p>Per informazioni sul progetto puoi contattarci a <strong>societadeborg@gmail.com</strong></p>
<p><a href="http://www.societadeborg.it/wordpress/wp-content/uploads/2016/04/Pieghevole-Parcheggi-Amo-20160606_1.jpg"><img decoding="async" loading="lazy" class="aligncenter size-large wp-image-2185" alt="Pieghevole Parcheggi-Amo 20160606_1" src="http://www.societadeborg.it/wordpress/wp-content/uploads/2016/04/Pieghevole-Parcheggi-Amo-20160606_1-1024x740.jpg" width="690" height="498" srcset="http://www.societadeborg.it/wordpress/wp-content/uploads/2016/04/Pieghevole-Parcheggi-Amo-20160606_1-1024x740.jpg 1024w, http://www.societadeborg.it/wordpress/wp-content/uploads/2016/04/Pieghevole-Parcheggi-Amo-20160606_1-300x216.jpg 300w, http://www.societadeborg.it/wordpress/wp-content/uploads/2016/04/Pieghevole-Parcheggi-Amo-20160606_1.jpg 1234w" sizes="(max-width: 690px) 100vw, 690px" /></a> <a href="http://www.societadeborg.it/wordpress/wp-content/uploads/2016/04/Pieghevole-Parcheggi-Amo-20160606_2.jpg"><img decoding="async" loading="lazy" class="aligncenter size-large wp-image-2186" alt="Pieghevole Parcheggi-Amo 20160606_2" src="http://www.societadeborg.it/wordpress/wp-content/uploads/2016/04/Pieghevole-Parcheggi-Amo-20160606_2-1024x740.jpg" width="690" height="498" srcset="http://www.societadeborg.it/wordpress/wp-content/uploads/2016/04/Pieghevole-Parcheggi-Amo-20160606_2-1024x740.jpg 1024w, http://www.societadeborg.it/wordpress/wp-content/uploads/2016/04/Pieghevole-Parcheggi-Amo-20160606_2-300x216.jpg 300w, http://www.societadeborg.it/wordpress/wp-content/uploads/2016/04/Pieghevole-Parcheggi-Amo-20160606_2.jpg 1234w" sizes="(max-width: 690px) 100vw, 690px" /></a></p>

<p>Il progetto nasce dall&#8217;esigenza di migliorare la vivibilità degli spazi urbani all&#8217;interno del Borgo attraverso soluzioni per la regolamentazione del transito delle autovetture e la relativa sosta. Il &#8220;problema&#8221; dei parcheggi o della sosta delle autovetture dei residenti è sempre stata una questione di difficile soluzione. La Società de Borg, sul solco dei numerosi interventi di riqualificazione dell&#8217;area, ritorna sull&#8217;argomento, valutando una serie di soluzioni / opzioni che comprendono sia parcheggi a raso, riservati ai residenti in aree dedicate del Borgo (prevalentemente ai bordi del perimetro residenziale) attraverso posti auto con le &#8220;R&#8221; già in uso nel Centro Storico di <a class="more-link" href="http://www.societadeborg.it/?page_id=2141">Leggi tutto</a></p>
