{"id":1993,"date":"2015-09-13T08:51:18","date_gmt":"2015-09-13T08:51:18","guid":{"rendered":"http:\/\/www.societadeborg.it\/?page_id=1993"},"modified":"2020-08-26T07:35:06","modified_gmt":"2020-08-26T07:35:06","slug":"libri","status":"publish","type":"page","link":"http:\/\/www.societadeborg.it\/?page_id=1993","title":{"rendered":"Pubblicazioni"},"content":{"rendered":"<p>Vi presentiamo una selezione di libri dedicati al Borgo San Giuliano e ai suoi abitanti<\/p>\n<p><b><a href=\"http:\/\/www.societadeborg.it\/wordpress\/wp-content\/uploads\/2015\/09\/cover-libretto-doc-E-Borg-web.jpg\"><img decoding=\"async\" loading=\"lazy\" class=\"alignleft size-thumbnail wp-image-1994\" src=\"http:\/\/www.societadeborg.it\/wordpress\/wp-content\/uploads\/2015\/09\/cover-libretto-doc-E-Borg-web-150x150.jpg\" alt=\"libro E Borg che patachedi\" width=\"150\" height=\"150\"><\/a>E BORG<br \/>\n<\/b><b>Che patachedi!<br \/>\n<\/b>Rimini, 2015<br \/>\nEdizione disponibile presso l\u2019Associazione \u201cLa Societ\u00e0 de Borg\u201d<\/p>\n<p>Il libro edito da \u201cLa Societ\u00e0 de Borg\u201d \u00e8 nato a corredo del documentario omonimo della regista Alessandra Gori che ripercorre la storia dell\u2019Associazione e del suo Borgo. Nel libro, che include il DVD del documentario ed il CD \u201cFreeBorg\u201d con canzoni originali create in occasione della Festa de Borg 2012, \u00e8 riportata la sceneggiatura scritta da Mario Pasquinelli e Rossano Lambertini, la poesia \u201cE Borg\u201d di Enzo Corbari, l\u2019aneddoto del mitico scherzo del 1\u00b0 aprile 1974 illustrato dai disegni di Giuliano Maroncelli.<\/p>\n<p><b><a href=\"http:\/\/www.societadeborg.it\/wordpress\/wp-content\/uploads\/2015\/09\/Libro-il-borgo-all_ombra-del-campanile-web.jpg\"><img decoding=\"async\" loading=\"lazy\" class=\"alignleft size-thumbnail wp-image-1995\" src=\"http:\/\/www.societadeborg.it\/wordpress\/wp-content\/uploads\/2015\/09\/Libro-il-borgo-all_ombra-del-campanile-web-150x150.jpg\" alt=\"Libro-il-borgo-all_ombra-del-campanile\" width=\"150\" height=\"150\"><\/a>IL BORGO ALL\u2019OMBRA DEL CAMPANILE<br \/>\n<\/b><b>Vita di parrocchia al Borgo San Giuliano di Rimini<br \/>\n<\/b>a cura di Liana Berti Baldinini, Renato Berti e Giuliano Ghirardelli<br \/>\nRimini, 2014<br \/>\n188 p. : ill. ; 22 x 24 cm.<br \/>\nEdizione disponibile presso il Circolo Acli San Giuliano \u2013 via San Giuliano 16<\/p>\n<p>Un libro che mancava per completare la storia recente del Borgo San Giuliano. Una pubblicazione dedicata alla vita della Parrocchia e a tutte le attiv\u00e0 che hanno ruotato \u2013 e ruotano \u2013 intorno ad essa, dal teatro allo sport, dal Circolo Acli al Cinema Tiberio, a partire dai suoi personaggi principali: i Parroci e i Preti che l\u2019hanno guidata.&nbsp;Episodi, vicende e racconti, scritti in gran parte dagli stessi protagonisti.<\/p>\n<p><b>&nbsp;<\/b><\/p>\n<p><b><a href=\"http:\/\/www.societadeborg.it\/wordpress\/wp-content\/uploads\/2015\/09\/Libro-Al-di-la-del-ponte-web.jpg\"><img decoding=\"async\" loading=\"lazy\" class=\"alignleft size-thumbnail wp-image-1996\" src=\"http:\/\/www.societadeborg.it\/wordpress\/wp-content\/uploads\/2015\/09\/Libro-Al-di-la-del-ponte-web-150x150.jpg\" alt=\"Libro-Al-di-la-del-ponte\" width=\"150\" height=\"150\"><\/a><\/b><b>AL DI LA\u2019 DEL PONTE<br \/>\n<\/b><b>Storia del Circolo Primo Maggio al Borgo San Giuliano<br \/>\n<\/b>a cura di Giuliano Ghirardelli e Mario Pasquinelli<br \/>\nRimini, 2013<br \/>\n159 p. : ill. ; 29 cm.<br \/>\nEdizione esaurita<\/p>\n<p>Il libro, ricco di storia, personaggi ed episodi, ripercorre l\u2019intero percorso del Circolo Primo Maggio, della Cooperativa e della Sezione del PCI dedicata a Mario Cappelli (uno dei \u201cTre Martiri\u201d). Racconta soprattutto della generazione di borghigiani che uscita dalla guerra cerca di rompere quel clima di diffidenza e di emarginazione che la citt\u00e0 aveva cucito addosso al Borgo. Quel nucleo di militanti del Partito riscopre, in quegli anni, l\u2019appartenenza ad una comunit\u00e0 dalle tinte forti e da convinzioni e valori radicatisi nel tempo: la solidariet\u00e0, la capacit\u00e0 di integrarsi con chiunque arrivasse, il coraggio di scontrarsi con il potere, la socialit\u00e0 e convivialit\u00e0, nonch\u00e9 un pizzico di follia e creativit\u00e0\u2026<br \/>\nFino ad allora la citt\u00e0 non conosceva il vero volto del nostro quartiere, esistevano anzi profondi pregiudizi nei nostri confronti. Il Circolo Primo Maggio ha rappresentato la prima tappa verso il superamento di certe false rappresentazioni. Un percorso difficile che, passo dopo passo, trova nella Festa de Borg (a partire dal \u201979) la grande affermazione della nostra comunit\u00e0, a cui finalmente giunge tutto l\u2019affetto della citt\u00e0.<\/p>\n<p><b><a href=\"http:\/\/www.societadeborg.it\/wordpress\/wp-content\/uploads\/2015\/09\/libro-Borgo-cambia-pelle.jpg\"><img decoding=\"async\" loading=\"lazy\" class=\"alignleft size-full wp-image-1997\" src=\"http:\/\/www.societadeborg.it\/wordpress\/wp-content\/uploads\/2015\/09\/libro-Borgo-cambia-pelle.jpg\" alt=\"libro Il Borgo cambia pelle\" width=\"150\" height=\"150\"><\/a>IL BORGO CAMBIA PELLE<br \/>\n<\/b><b>Immagini a confronto<br \/>\n<\/b>a cura di Giuliano Ghirardelli, Mario Pasquinelli<br \/>\nfotografie a confronto di Gilberto Ceccarelli e Paolo Miccoli<br \/>\nRimini, 2011<br \/>\nPanozzo Editore<br \/>\n<a href=\"http:\/\/www.ibs.it\/code\/9788874721702\/ceccarelli-gilberto\/borgo-cambia-pelle.html\">http:\/\/www.ibs.it\/code\/9788874721702\/ceccarelli-gilberto\/borgo-cambia-pelle.html<\/a><\/p>\n<p>Che il borgo San Giuliano sia cambiato lo vedete anche voi. Potevamo fare mille discorsi, abbiamo preferito lasciare la parola soprattutto alle immagini di due valorosi fotografi: Gilberto Ceccarelli e Paolo Miccoli. Esistevano foto scattate da Gilberto e mai pubblicate, esaurienti per documentare ancora una volta la specificit\u00e0 del nostro ambiente nel panorama di Rimini. Da qui l&#8217;idea di Paolo di confrontarle con una serie di immagini che lui stesso si impegnava a produrre con l&#8217;obiettivo di testimoniare le notevoli trasformazioni intervenute: di raccontare con delle foto cos&#8217;era cambiato in quarant&#8217;anni.<\/p>\n<p><b><a href=\"http:\/\/www.societadeborg.it\/wordpress\/wp-content\/uploads\/2015\/09\/Libro-e_borg_-Panozzo.jpg\"><img decoding=\"async\" loading=\"lazy\" class=\"alignleft size-thumbnail wp-image-1998\" src=\"http:\/\/www.societadeborg.it\/wordpress\/wp-content\/uploads\/2015\/09\/Libro-e_borg_-Panozzo-150x150.jpg\" alt=\"Libro e_borg_ Panozzo\" width=\"150\" height=\"150\"><\/a>E BORG<br \/>\n<\/b><b>Una comunit\u00e0 a tinte forti<br \/>\n<\/b>a cura di Giuliano Ghirardelli, Mario Pasquinelli, Dino Spadoni<br \/>\nRimini, 2002 \u2013 Seconda edizione 2008<br \/>\nPanozzo Editore<br \/>\n<a href=\"http:\/\/www.panozzoeditore.com\/e-borg\">http:\/\/www.panozzoeditore.com\/e-borg<\/a><\/p>\n<p>Ma esiste ancora il Borgo? Il libro non d\u00e0 risposta a questo interrogativo, tenta solo di restituire un po\u2019 di quella vita borghigiana, fatta di amicizia e veleni, solidariet\u00e0 e scontri. Sempre a tinte forti.<br \/>\nNascere in una comunit\u00e0 veramente popolare come quella del Borgo San Giuliano a Rimini voleva dire, quella volta, aver pi\u00f9 probabilit\u00e0 di altri di finire disperso sul fronte russo, nei deserti della Libia, o nel fondo del mare su un peschereccio requisito dalla Marina, o impiccato dai nazisti in piazza Giulio Cesare (oggi piazza Tre Martiri)\u2026 La Festa de\u2019 Borg, in una delle edizioni anni Ottanta, celebr\u00f2, appunto, quella vita \u201csenza rete\u201d. Esistenze senza protezione. Indurite non poco, ma capaci di abbandonarsi fino in fondo, anima e corpo, al sogno di una societ\u00e0 di uomini eguali. Un sogno rosso\u2026 anche di sangue. La tempesta \u00e8 finita. Fortunatamente. Nella bonaccia che stiamo vivendo, per\u00f2, non dobbiamo avanzare senza bussola.<br \/>\nPurtroppo mancano, nel libro, tanti personaggi, tanti episodi: la vita \u00e8 molto pi\u00f9 ricca dei racconti che se ne possono ricavare. Mettiamola cos\u00ec.<\/p>\n","protected":false},"excerpt":{"rendered":"<p>Vi presentiamo una selezione di libri dedicati al Borgo San Giuliano e ai suoi abitanti E BORG Che patachedi! Rimini, 2015 Edizione disponibile presso l\u2019Associazione \u201cLa Societ\u00e0 de Borg\u201d Il libro edito da \u201cLa Societ\u00e0 de Borg\u201d \u00e8 nato a corredo del documentario omonimo della regista Alessandra Gori che ripercorre la storia dell\u2019Associazione e del suo Borgo. Nel libro, che include il DVD del documentario ed il CD \u201cFreeBorg\u201d con canzoni originali create in occasione della Festa de Borg 2012, \u00e8 riportata la sceneggiatura scritta da Mario Pasquinelli e Rossano Lambertini, la poesia \u201cE Borg\u201d di Enzo Corbari, l\u2019aneddoto del <a class=\"more-link\" href=\"http:\/\/www.societadeborg.it\/?page_id=1993\">Leggi tutto<\/a><\/p>\n","protected":false},"author":1,"featured_media":0,"parent":28,"menu_order":0,"comment_status":"closed","ping_status":"closed","template":"","meta":[],"_links":{"self":[{"href":"http:\/\/www.societadeborg.it\/index.php?rest_route=\/wp\/v2\/pages\/1993"}],"collection":[{"href":"http:\/\/www.societadeborg.it\/index.php?rest_route=\/wp\/v2\/pages"}],"about":[{"href":"http:\/\/www.societadeborg.it\/index.php?rest_route=\/wp\/v2\/types\/page"}],"author":[{"embeddable":true,"href":"http:\/\/www.societadeborg.it\/index.php?rest_route=\/wp\/v2\/users\/1"}],"replies":[{"embeddable":true,"href":"http:\/\/www.societadeborg.it\/index.php?rest_route=%2Fwp%2Fv2%2Fcomments&post=1993"}],"version-history":[{"count":4,"href":"http:\/\/www.societadeborg.it\/index.php?rest_route=\/wp\/v2\/pages\/1993\/revisions"}],"predecessor-version":[{"id":2883,"href":"http:\/\/www.societadeborg.it\/index.php?rest_route=\/wp\/v2\/pages\/1993\/revisions\/2883"}],"up":[{"embeddable":true,"href":"http:\/\/www.societadeborg.it\/index.php?rest_route=\/wp\/v2\/pages\/28"}],"wp:attachment":[{"href":"http:\/\/www.societadeborg.it\/index.php?rest_route=%2Fwp%2Fv2%2Fmedia&parent=1993"}],"curies":[{"name":"wp","href":"https:\/\/api.w.org\/{rel}","templated":true}]}}

<p>Vi presentiamo una selezione di libri dedicati al Borgo San Giuliano e ai suoi abitanti</p>
<p><b><a href="http://www.societadeborg.it/wordpress/wp-content/uploads/2015/09/cover-libretto-doc-E-Borg-web.jpg"><img decoding="async" loading="lazy" class="alignleft size-thumbnail wp-image-1994" src="http://www.societadeborg.it/wordpress/wp-content/uploads/2015/09/cover-libretto-doc-E-Borg-web-150x150.jpg" alt="libro E Borg che patachedi" width="150" height="150"></a>E BORG<br />
</b><b>Che patachedi!<br />
</b>Rimini, 2015<br />
Edizione disponibile presso l’Associazione “La Società de Borg”</p>
<p>Il libro edito da “La Società de Borg” è nato a corredo del documentario omonimo della regista Alessandra Gori che ripercorre la storia dell’Associazione e del suo Borgo. Nel libro, che include il DVD del documentario ed il CD “FreeBorg” con canzoni originali create in occasione della Festa de Borg 2012, è riportata la sceneggiatura scritta da Mario Pasquinelli e Rossano Lambertini, la poesia “E Borg” di Enzo Corbari, l’aneddoto del mitico scherzo del 1° aprile 1974 illustrato dai disegni di Giuliano Maroncelli.</p>
<p><b><a href="http://www.societadeborg.it/wordpress/wp-content/uploads/2015/09/Libro-il-borgo-all_ombra-del-campanile-web.jpg"><img decoding="async" loading="lazy" class="alignleft size-thumbnail wp-image-1995" src="http://www.societadeborg.it/wordpress/wp-content/uploads/2015/09/Libro-il-borgo-all_ombra-del-campanile-web-150x150.jpg" alt="Libro-il-borgo-all_ombra-del-campanile" width="150" height="150"></a>IL BORGO ALL’OMBRA DEL CAMPANILE<br />
</b><b>Vita di parrocchia al Borgo San Giuliano di Rimini<br />
</b>a cura di Liana Berti Baldinini, Renato Berti e Giuliano Ghirardelli<br />
Rimini, 2014<br />
188 p. : ill. ; 22 x 24 cm.<br />
Edizione disponibile presso il Circolo Acli San Giuliano – via San Giuliano 16</p>
<p>Un libro che mancava per completare la storia recente del Borgo San Giuliano. Una pubblicazione dedicata alla vita della Parrocchia e a tutte le attivà che hanno ruotato – e ruotano – intorno ad essa, dal teatro allo sport, dal Circolo Acli al Cinema Tiberio, a partire dai suoi personaggi principali: i Parroci e i Preti che l’hanno guidata.&nbsp;Episodi, vicende e racconti, scritti in gran parte dagli stessi protagonisti.</p>
<p><b>&nbsp;</b></p>
<p><b><a href="http://www.societadeborg.it/wordpress/wp-content/uploads/2015/09/Libro-Al-di-la-del-ponte-web.jpg"><img decoding="async" loading="lazy" class="alignleft size-thumbnail wp-image-1996" src="http://www.societadeborg.it/wordpress/wp-content/uploads/2015/09/Libro-Al-di-la-del-ponte-web-150x150.jpg" alt="Libro-Al-di-la-del-ponte" width="150" height="150"></a></b><b>AL DI LA’ DEL PONTE<br />
</b><b>Storia del Circolo Primo Maggio al Borgo San Giuliano<br />
</b>a cura di Giuliano Ghirardelli e Mario Pasquinelli<br />
Rimini, 2013<br />
159 p. : ill. ; 29 cm.<br />
Edizione esaurita</p>
<p>Il libro, ricco di storia, personaggi ed episodi, ripercorre l’intero percorso del Circolo Primo Maggio, della Cooperativa e della Sezione del PCI dedicata a Mario Cappelli (uno dei “Tre Martiri”). Racconta soprattutto della generazione di borghigiani che uscita dalla guerra cerca di rompere quel clima di diffidenza e di emarginazione che la città aveva cucito addosso al Borgo. Quel nucleo di militanti del Partito riscopre, in quegli anni, l’appartenenza ad una comunità dalle tinte forti e da convinzioni e valori radicatisi nel tempo: la solidarietà, la capacità di integrarsi con chiunque arrivasse, il coraggio di scontrarsi con il potere, la socialità e convivialità, nonché un pizzico di follia e creatività…<br />
Fino ad allora la città non conosceva il vero volto del nostro quartiere, esistevano anzi profondi pregiudizi nei nostri confronti. Il Circolo Primo Maggio ha rappresentato la prima tappa verso il superamento di certe false rappresentazioni. Un percorso difficile che, passo dopo passo, trova nella Festa de Borg (a partire dal ’79) la grande affermazione della nostra comunità, a cui finalmente giunge tutto l’affetto della città.</p>
<p><b><a href="http://www.societadeborg.it/wordpress/wp-content/uploads/2015/09/libro-Borgo-cambia-pelle.jpg"><img decoding="async" loading="lazy" class="alignleft size-full wp-image-1997" src="http://www.societadeborg.it/wordpress/wp-content/uploads/2015/09/libro-Borgo-cambia-pelle.jpg" alt="libro Il Borgo cambia pelle" width="150" height="150"></a>IL BORGO CAMBIA PELLE<br />
</b><b>Immagini a confronto<br />
</b>a cura di Giuliano Ghirardelli, Mario Pasquinelli<br />
fotografie a confronto di Gilberto Ceccarelli e Paolo Miccoli<br />
Rimini, 2011<br />
Panozzo Editore<br />
<a href="http://www.ibs.it/code/9788874721702/ceccarelli-gilberto/borgo-cambia-pelle.html">http://www.ibs.it/code/9788874721702/ceccarelli-gilberto/borgo-cambia-pelle.html</a></p>
<p>Che il borgo San Giuliano sia cambiato lo vedete anche voi. Potevamo fare mille discorsi, abbiamo preferito lasciare la parola soprattutto alle immagini di due valorosi fotografi: Gilberto Ceccarelli e Paolo Miccoli. Esistevano foto scattate da Gilberto e mai pubblicate, esaurienti per documentare ancora una volta la specificità del nostro ambiente nel panorama di Rimini. Da qui l&#8217;idea di Paolo di confrontarle con una serie di immagini che lui stesso si impegnava a produrre con l&#8217;obiettivo di testimoniare le notevoli trasformazioni intervenute: di raccontare con delle foto cos&#8217;era cambiato in quarant&#8217;anni.</p>
<p><b><a href="http://www.societadeborg.it/wordpress/wp-content/uploads/2015/09/Libro-e_borg_-Panozzo.jpg"><img decoding="async" loading="lazy" class="alignleft size-thumbnail wp-image-1998" src="http://www.societadeborg.it/wordpress/wp-content/uploads/2015/09/Libro-e_borg_-Panozzo-150x150.jpg" alt="Libro e_borg_ Panozzo" width="150" height="150"></a>E BORG<br />
</b><b>Una comunità a tinte forti<br />
</b>a cura di Giuliano Ghirardelli, Mario Pasquinelli, Dino Spadoni<br />
Rimini, 2002 – Seconda edizione 2008<br />
Panozzo Editore<br />
<a href="http://www.panozzoeditore.com/e-borg">http://www.panozzoeditore.com/e-borg</a></p>
<p>Ma esiste ancora il Borgo? Il libro non dà risposta a questo interrogativo, tenta solo di restituire un po’ di quella vita borghigiana, fatta di amicizia e veleni, solidarietà e scontri. Sempre a tinte forti.<br />
Nascere in una comunità veramente popolare come quella del Borgo San Giuliano a Rimini voleva dire, quella volta, aver più probabilità di altri di finire disperso sul fronte russo, nei deserti della Libia, o nel fondo del mare su un peschereccio requisito dalla Marina, o impiccato dai nazisti in piazza Giulio Cesare (oggi piazza Tre Martiri)… La Festa de’ Borg, in una delle edizioni anni Ottanta, celebrò, appunto, quella vita “senza rete”. Esistenze senza protezione. Indurite non poco, ma capaci di abbandonarsi fino in fondo, anima e corpo, al sogno di una società di uomini eguali. Un sogno rosso… anche di sangue. La tempesta è finita. Fortunatamente. Nella bonaccia che stiamo vivendo, però, non dobbiamo avanzare senza bussola.<br />
Purtroppo mancano, nel libro, tanti personaggi, tanti episodi: la vita è molto più ricca dei racconti che se ne possono ricavare. Mettiamola così.</p>

<p>Vi presentiamo una selezione di libri dedicati al Borgo San Giuliano e ai suoi abitanti E BORG Che patachedi! Rimini, 2015 Edizione disponibile presso l’Associazione “La Società de Borg” Il libro edito da “La Società de Borg” è nato a corredo del documentario omonimo della regista Alessandra Gori che ripercorre la storia dell’Associazione e del suo Borgo. Nel libro, che include il DVD del documentario ed il CD “FreeBorg” con canzoni originali create in occasione della Festa de Borg 2012, è riportata la sceneggiatura scritta da Mario Pasquinelli e Rossano Lambertini, la poesia “E Borg” di Enzo Corbari, l’aneddoto del <a class="more-link" href="http://www.societadeborg.it/?page_id=1993">Leggi tutto</a></p>
