{"id":1977,"date":"2015-09-12T15:09:10","date_gmt":"2015-09-12T15:09:10","guid":{"rendered":"http:\/\/www.societadeborg.it\/?page_id=1977"},"modified":"2016-08-18T11:35:22","modified_gmt":"2016-08-18T11:35:22","slug":"festa-2016-il-manifesto","status":"publish","type":"page","link":"http:\/\/www.societadeborg.it\/?page_id=1977","title":{"rendered":"Festa 2016 &#8211; Il Manifesto"},"content":{"rendered":"<p style=\"text-align: center;\">\n<p><a href=\"http:\/\/www.societadeborg.it\/wordpress\/wp-content\/uploads\/2015\/09\/manifesto-OK_tanimodi_lowdef.jpg\"><img decoding=\"async\" loading=\"lazy\" class=\"alignleft size-large wp-image-2289\" alt=\"manifesto OK_tanimodi_lowdef\" src=\"http:\/\/www.societadeborg.it\/wordpress\/wp-content\/uploads\/2015\/09\/manifesto-OK_tanimodi_lowdef-716x1024.jpg\" width=\"690\" height=\"986\" srcset=\"http:\/\/www.societadeborg.it\/wordpress\/wp-content\/uploads\/2015\/09\/manifesto-OK_tanimodi_lowdef-716x1024.jpg 716w, http:\/\/www.societadeborg.it\/wordpress\/wp-content\/uploads\/2015\/09\/manifesto-OK_tanimodi_lowdef-209x300.jpg 209w, http:\/\/www.societadeborg.it\/wordpress\/wp-content\/uploads\/2015\/09\/manifesto-OK_tanimodi_lowdef.jpg 800w\" sizes=\"(max-width: 690px) 100vw, 690px\" \/><\/a><\/p>\n<div>\n<p><i>Che il borgo San Giuliano, nel suo piccolo, sia noto per le sue \u201cimprese eccezionali\u201d \u00e8 cosa ormai consolidata. La Festa de&#8217;Borg ne \u00e8 l&#8217;esempio pi\u00f9 evidente: non solo sopravvive ancora nonostante i cambiamenti, la crisi, le persone diverse con diverse esigenze, sorretta principalmente dal prezioso volontariato della comunit\u00e0, ma \u00e8 anche portatrice sana di un piccolo miracolo che si compie concentrato in 48 ore e che vede meccanismi organizzativi anche complessi attivarsi, persone anche sconosciute tra loro parlarsi e stringere legami, empatia e vivacit\u00e0 esplodere in una bellissima atmosfera di festa, appunto, e condivisione.<\/i><\/p>\n<p align=\"JUSTIFY\"><span style=\"color: #000000;\"><span style=\"font-family: Helvetica, sans-serif;\"><span style=\"font-size: small;\"><i>Certo, il borgo non \u00e8 sempre un&#8217;isola felice e l&#8217;idea di regalare alla citt\u00e0, per la festa 2016, il \u201cgiorno perfetto\u201d non nasce dall&#8217;ambizione di mettersi in cattedra. Mi piace pensare pi\u00f9 a una specie di piccola grande missione che ci chiama tutti a partecipare dando il meglio possibile, portando qualcosa di cui essere fieri. E allora, quando mi \u00e8 stato chiesto di disegnare il manifesto della XX Festa de&#8217;Borg, ho pensato che questa ambizione era degna di una notizia da \u201cprima pagina\u201d e che, per portarvi tutti dentro a quella realt\u00e0 che mi \u00e8 cos\u00ec familiare da sempre, da illustratrice la cosa pi\u00f9 naturale fosse quella di raccontarvi una storia dove la Perfezione, proprio come le gemme pi\u00f9 elaborate, non ha una faccia sola ma brilla di pi\u00f9 grazie alle sue molteplici sfaccettature.\u00a0<\/i><\/span><\/span><\/span><\/p>\n<p align=\"JUSTIFY\"><i style=\"font-family: Helvetica, sans-serif; color: #000000;\"><strong>Marianna Balducci<\/strong><br \/>\n<\/i><span style=\"color: #000000;\"><span style=\"font-family: Helvetica, sans-serif;\"><span style=\"font-size: small;\"><i>Disegnatrice, autrice del manifesto della Festa de Borg 2016<br \/>\n<\/i><\/span><\/span><\/span><span style=\"color: #000000;\"><span style=\"font-family: Helvetica, sans-serif;\"><span style=\"font-size: small;\"><i>Socio e Consigliere de &#8220;La Societ\u00e0 de&#8217;Borg&#8221;<\/i><\/span><\/span><\/span><\/p>\n<\/div>\n<div>\n<div dir=\"ltr\">\n<div dir=\"ltr\">\n<div><i><b>website<\/b><\/i><\/div>\n<div><i><a href=\"http:\/\/mariannabalducci.it\/\" target=\"_blank\">mariannabalducci.it<\/a><\/i><\/div>\n<div><i><b>visit my blog<\/b><\/i><\/div>\n<div><i><a href=\"http:\/\/mariannabalducci.wordpress.com\/\" target=\"_blank\">mariannabalducci.wordpress.com<\/a><\/i><\/div>\n<div><\/div>\n<\/div>\n<\/div>\n<\/div>\n","protected":false},"excerpt":{"rendered":"<p>Che il borgo San Giuliano, nel suo piccolo, sia noto per le sue \u201cimprese eccezionali\u201d \u00e8 cosa ormai consolidata. La Festa de&#8217;Borg ne \u00e8 l&#8217;esempio pi\u00f9 evidente: non solo sopravvive ancora nonostante i cambiamenti, la crisi, le persone diverse con diverse esigenze, sorretta principalmente dal prezioso volontariato della comunit\u00e0, ma \u00e8 anche portatrice sana di un piccolo miracolo che si compie concentrato in 48 ore e che vede meccanismi organizzativi anche complessi attivarsi, persone anche sconosciute tra loro parlarsi e stringere legami, empatia e vivacit\u00e0 esplodere in una bellissima atmosfera di festa, appunto, e condivisione. Certo, il borgo non \u00e8 <a class=\"more-link\" href=\"http:\/\/www.societadeborg.it\/?page_id=1977\">Leggi tutto<\/a><\/p>\n","protected":false},"author":1,"featured_media":0,"parent":1973,"menu_order":0,"comment_status":"closed","ping_status":"closed","template":"","meta":[],"_links":{"self":[{"href":"http:\/\/www.societadeborg.it\/index.php?rest_route=\/wp\/v2\/pages\/1977"}],"collection":[{"href":"http:\/\/www.societadeborg.it\/index.php?rest_route=\/wp\/v2\/pages"}],"about":[{"href":"http:\/\/www.societadeborg.it\/index.php?rest_route=\/wp\/v2\/types\/page"}],"author":[{"embeddable":true,"href":"http:\/\/www.societadeborg.it\/index.php?rest_route=\/wp\/v2\/users\/1"}],"replies":[{"embeddable":true,"href":"http:\/\/www.societadeborg.it\/index.php?rest_route=%2Fwp%2Fv2%2Fcomments&post=1977"}],"version-history":[{"count":4,"href":"http:\/\/www.societadeborg.it\/index.php?rest_route=\/wp\/v2\/pages\/1977\/revisions"}],"predecessor-version":[{"id":2295,"href":"http:\/\/www.societadeborg.it\/index.php?rest_route=\/wp\/v2\/pages\/1977\/revisions\/2295"}],"up":[{"embeddable":true,"href":"http:\/\/www.societadeborg.it\/index.php?rest_route=\/wp\/v2\/pages\/1973"}],"wp:attachment":[{"href":"http:\/\/www.societadeborg.it\/index.php?rest_route=%2Fwp%2Fv2%2Fmedia&parent=1977"}],"curies":[{"name":"wp","href":"https:\/\/api.w.org\/{rel}","templated":true}]}}

<p style="text-align: center;">
<p><a href="http://www.societadeborg.it/wordpress/wp-content/uploads/2015/09/manifesto-OK_tanimodi_lowdef.jpg"><img decoding="async" loading="lazy" class="alignleft size-large wp-image-2289" alt="manifesto OK_tanimodi_lowdef" src="http://www.societadeborg.it/wordpress/wp-content/uploads/2015/09/manifesto-OK_tanimodi_lowdef-716x1024.jpg" width="690" height="986" srcset="http://www.societadeborg.it/wordpress/wp-content/uploads/2015/09/manifesto-OK_tanimodi_lowdef-716x1024.jpg 716w, http://www.societadeborg.it/wordpress/wp-content/uploads/2015/09/manifesto-OK_tanimodi_lowdef-209x300.jpg 209w, http://www.societadeborg.it/wordpress/wp-content/uploads/2015/09/manifesto-OK_tanimodi_lowdef.jpg 800w" sizes="(max-width: 690px) 100vw, 690px" /></a></p>
<div>
<p><i>Che il borgo San Giuliano, nel suo piccolo, sia noto per le sue “imprese eccezionali” è cosa ormai consolidata. La Festa de&#8217;Borg ne è l&#8217;esempio più evidente: non solo sopravvive ancora nonostante i cambiamenti, la crisi, le persone diverse con diverse esigenze, sorretta principalmente dal prezioso volontariato della comunità, ma è anche portatrice sana di un piccolo miracolo che si compie concentrato in 48 ore e che vede meccanismi organizzativi anche complessi attivarsi, persone anche sconosciute tra loro parlarsi e stringere legami, empatia e vivacità esplodere in una bellissima atmosfera di festa, appunto, e condivisione.</i></p>
<p align="JUSTIFY"><span style="color: #000000;"><span style="font-family: Helvetica, sans-serif;"><span style="font-size: small;"><i>Certo, il borgo non è sempre un&#8217;isola felice e l&#8217;idea di regalare alla città, per la festa 2016, il “giorno perfetto” non nasce dall&#8217;ambizione di mettersi in cattedra. Mi piace pensare più a una specie di piccola grande missione che ci chiama tutti a partecipare dando il meglio possibile, portando qualcosa di cui essere fieri. E allora, quando mi è stato chiesto di disegnare il manifesto della XX Festa de&#8217;Borg, ho pensato che questa ambizione era degna di una notizia da “prima pagina” e che, per portarvi tutti dentro a quella realtà che mi è così familiare da sempre, da illustratrice la cosa più naturale fosse quella di raccontarvi una storia dove la Perfezione, proprio come le gemme più elaborate, non ha una faccia sola ma brilla di più grazie alle sue molteplici sfaccettature. </i></span></span></span></p>
<p align="JUSTIFY"><i style="font-family: Helvetica, sans-serif; color: #000000;"><strong>Marianna Balducci</strong><br />
</i><span style="color: #000000;"><span style="font-family: Helvetica, sans-serif;"><span style="font-size: small;"><i>Disegnatrice, autrice del manifesto della Festa de Borg 2016<br />
</i></span></span></span><span style="color: #000000;"><span style="font-family: Helvetica, sans-serif;"><span style="font-size: small;"><i>Socio e Consigliere de &#8220;La Società de&#8217;Borg&#8221;</i></span></span></span></p>
</div>
<div>
<div dir="ltr">
<div dir="ltr">
<div><i><b>website</b></i></div>
<div><i><a href="http://mariannabalducci.it/" target="_blank">mariannabalducci.it</a></i></div>
<div><i><b>visit my blog</b></i></div>
<div><i><a href="http://mariannabalducci.wordpress.com/" target="_blank">mariannabalducci.wordpress.com</a></i></div>
<div></div>
</div>
</div>
</div>

<p>Che il borgo San Giuliano, nel suo piccolo, sia noto per le sue “imprese eccezionali” è cosa ormai consolidata. La Festa de&#8217;Borg ne è l&#8217;esempio più evidente: non solo sopravvive ancora nonostante i cambiamenti, la crisi, le persone diverse con diverse esigenze, sorretta principalmente dal prezioso volontariato della comunità, ma è anche portatrice sana di un piccolo miracolo che si compie concentrato in 48 ore e che vede meccanismi organizzativi anche complessi attivarsi, persone anche sconosciute tra loro parlarsi e stringere legami, empatia e vivacità esplodere in una bellissima atmosfera di festa, appunto, e condivisione. Certo, il borgo non è <a class="more-link" href="http://www.societadeborg.it/?page_id=1977">Leggi tutto</a></p>
